CRAN Package Check Results for Package crimelinkage

Last updated on 2019-01-23 08:48:59 CET.

Flavor Version Tinstall Tcheck Ttotal Status Flags
r-devel-linux-x86_64-debian-clang 0.0.4 3.44 81.88 85.32 NOTE
r-devel-linux-x86_64-debian-gcc 0.0.4 2.19 59.52 61.71 NOTE
r-devel-linux-x86_64-fedora-clang 0.0.4 101.82 NOTE
r-devel-linux-x86_64-fedora-gcc 0.0.4 90.50 NOTE
r-devel-windows-ix86+x86_64 0.0.4 8.00 118.00 126.00 NOTE
r-patched-linux-x86_64 0.0.4 3.60 71.99 75.59 NOTE
r-patched-solaris-x86 0.0.4 161.20 NOTE
r-release-linux-x86_64 0.0.4 2.97 71.69 74.66 NOTE
r-release-windows-ix86+x86_64 0.0.4 5.00 119.00 124.00 NOTE
r-release-osx-x86_64 0.0.4 NOTE
r-oldrel-windows-ix86+x86_64 0.0.4 4.00 135.00 139.00 NOTE
r-oldrel-osx-x86_64 0.0.4 NOTE

Check Details

Version: 0.0.4
Check: DESCRIPTION meta-information
Result: NOTE
    BugReports field is not a suitable URL but contains an email address
     which will be used as from R 3.4.0
Flavors: r-devel-linux-x86_64-debian-clang, r-devel-linux-x86_64-debian-gcc, r-devel-linux-x86_64-fedora-clang, r-devel-linux-x86_64-fedora-gcc, r-devel-windows-ix86+x86_64, r-patched-linux-x86_64, r-patched-solaris-x86, r-release-linux-x86_64, r-release-windows-ix86+x86_64, r-release-osx-x86_64, r-oldrel-windows-ix86+x86_64, r-oldrel-osx-x86_64