CRAN Package Check Results for Package crimelinkage

Last updated on 2018-02-22 22:47:19 CET.

Flavor Version Tinstall Tcheck Ttotal Status Flags
r-devel-linux-x86_64-debian-clang 0.0.4 3.17 70.75 73.92 NOTE
r-devel-linux-x86_64-debian-gcc 0.0.4 2.37 55.16 57.53 NOTE
r-devel-linux-x86_64-fedora-clang 0.0.4 95.75 NOTE
r-devel-linux-x86_64-fedora-gcc 0.0.4 87.47 NOTE
r-devel-windows-ix86+x86_64 0.0.4 7.00 87.00 94.00 NOTE
r-patched-linux-x86_64 0.0.4 1.43 85.89 87.32 NOTE
r-patched-solaris-x86 0.0.4 149.10 NOTE
r-release-linux-x86_64 0.0.4 1.26 88.84 90.10 NOTE
r-release-windows-ix86+x86_64 0.0.4 6.00 125.00 131.00 NOTE
r-release-osx-x86_64 0.0.4 NOTE
r-oldrel-windows-ix86+x86_64 0.0.4 3.00 95.00 98.00 OK
r-oldrel-osx-x86_64 0.0.4 OK

Check Details

Version: 0.0.4
Check: DESCRIPTION meta-information
Result: NOTE
    BugReports field is not a suitable URL but contains an email address
     which will be used as from R 3.4.0
Flavors: r-devel-linux-x86_64-debian-clang, r-devel-linux-x86_64-debian-gcc, r-devel-linux-x86_64-fedora-clang, r-devel-linux-x86_64-fedora-gcc, r-devel-windows-ix86+x86_64, r-patched-linux-x86_64, r-patched-solaris-x86, r-release-linux-x86_64, r-release-windows-ix86+x86_64, r-release-osx-x86_64