CRAN Package Check Results for Package crimelinkage

Last updated on 2018-08-16 12:50:05 CEST.

Flavor Version Tinstall Tcheck Ttotal Status Flags
r-devel-linux-x86_64-debian-clang 0.0.4 2.36 81.44 83.80 NOTE
r-devel-linux-x86_64-debian-gcc 0.0.4 1.88 58.01 59.89 NOTE
r-devel-linux-x86_64-fedora-clang 0.0.4 96.73 NOTE
r-devel-linux-x86_64-fedora-gcc 0.0.4 89.82 NOTE
r-devel-windows-ix86+x86_64 0.0.4 8.00 114.00 122.00 NOTE
r-patched-linux-x86_64 0.0.4 2.50 71.43 73.93 NOTE
r-patched-solaris-x86 0.0.4 156.20 NOTE
r-release-linux-x86_64 0.0.4 2.01 72.79 74.80 NOTE
r-release-windows-ix86+x86_64 0.0.4 8.00 120.00 128.00 NOTE
r-release-osx-x86_64 0.0.4 NOTE
r-oldrel-windows-ix86+x86_64 0.0.4 4.00 99.00 103.00 NOTE
r-oldrel-osx-x86_64 0.0.4 NOTE

Check Details

Version: 0.0.4
Check: DESCRIPTION meta-information
Result: NOTE
    BugReports field is not a suitable URL but contains an email address
     which will be used as from R 3.4.0
Flavors: r-devel-linux-x86_64-debian-clang, r-devel-linux-x86_64-debian-gcc, r-devel-linux-x86_64-fedora-clang, r-devel-linux-x86_64-fedora-gcc, r-devel-windows-ix86+x86_64, r-patched-linux-x86_64, r-patched-solaris-x86, r-release-linux-x86_64, r-release-windows-ix86+x86_64, r-release-osx-x86_64, r-oldrel-windows-ix86+x86_64, r-oldrel-osx-x86_64