CRAN Package Check Results for Package crimeutils

Last updated on 2022-07-03 03:49:53 CEST.

Flavor Version Tinstall Tcheck Ttotal Status Flags
r-devel-linux-x86_64-debian-clang 0.3.0 3.29 43.56 46.85 NOTE
r-devel-linux-x86_64-debian-gcc 0.3.0 2.38 33.76 36.14 NOTE
r-devel-linux-x86_64-fedora-clang 0.3.0 66.97 NOTE
r-devel-linux-x86_64-fedora-gcc 0.3.0 65.72 NOTE
r-devel-windows-x86_64 0.3.0 20.00 71.00 91.00 NOTE
r-patched-linux-x86_64 0.3.0 4.44 42.01 46.45 NOTE
r-release-linux-x86_64 0.3.0 4.06 42.23 46.29 NOTE
r-release-macos-arm64 0.3.0 20.00 NOTE
r-release-macos-x86_64 0.3.0 36.00 NOTE
r-release-windows-x86_64 0.3.0 35.00 71.00 106.00 NOTE
r-oldrel-macos-arm64 0.3.0 23.00 NOTE
r-oldrel-macos-x86_64 0.3.0 29.00 NOTE
r-oldrel-windows-ix86+x86_64 0.3.0 10.00 66.00 76.00 NOTE

Check Details

Version: 0.3.0
Check: LazyData
Result: NOTE
     'LazyData' is specified without a 'data' directory
Flavors: r-devel-linux-x86_64-debian-clang, r-devel-linux-x86_64-debian-gcc, r-devel-linux-x86_64-fedora-clang, r-devel-linux-x86_64-fedora-gcc, r-devel-windows-x86_64, r-patched-linux-x86_64, r-release-linux-x86_64, r-release-macos-arm64, r-release-macos-x86_64, r-release-windows-x86_64, r-oldrel-macos-arm64, r-oldrel-macos-x86_64, r-oldrel-windows-ix86+x86_64