CRAN Package Check Results for Package cropZoning

Last updated on 2021-05-08 11:50:21 CEST.

Flavor Version Tinstall Tcheck Ttotal Status Flags
r-devel-linux-x86_64-debian-clang 1.0.1 11.35 96.32 107.67 NOTE
r-devel-linux-x86_64-debian-gcc 1.0.1 9.71 72.91 82.62 NOTE
r-devel-linux-x86_64-fedora-clang 1.0.1 146.87 NOTE
r-devel-linux-x86_64-fedora-gcc 1.0.1 127.77 NOTE
r-devel-windows-ix86+x86_64 1.0.1 30.00 113.00 143.00 NOTE
r-devel-windows-x86_64-gcc10-UCRT 1.0.1 NOTE
r-patched-linux-x86_64 1.0.1 8.97 91.16 100.13 NOTE
r-patched-solaris-x86 1.0.1 196.90 OK
r-release-linux-x86_64 1.0.1 9.35 88.54 97.89 OK
r-release-macos-x86_64 1.0.1 OK
r-release-windows-ix86+x86_64 1.0.1 18.00 85.00 103.00 OK
r-oldrel-macos-x86_64 1.0.1 OK
r-oldrel-windows-ix86+x86_64 1.0.1 24.00 113.00 137.00 OK

Check Details

Version: 1.0.1
Check: LazyData
Result: NOTE
     'LazyData' is specified without a 'data' directory
Flavors: r-devel-linux-x86_64-debian-clang, r-devel-linux-x86_64-debian-gcc, r-devel-linux-x86_64-fedora-clang, r-devel-linux-x86_64-fedora-gcc, r-devel-windows-ix86+x86_64, r-devel-windows-x86_64-gcc10-UCRT, r-patched-linux-x86_64