CRAN Package Check Results for Package crosswalkr

Last updated on 2018-05-25 01:46:27 CEST.

Flavor Version Tinstall Tcheck Ttotal Status Flags
r-devel-linux-x86_64-debian-clang 0.1.1 1.02 21.39 22.41 OK
r-devel-linux-x86_64-debian-gcc 0.1.1 0.77 19.25 20.02 OK
r-devel-linux-x86_64-fedora-clang 0.1.1 30.32 NOTE
r-devel-linux-x86_64-fedora-gcc 0.1.1 29.42 NOTE
r-devel-windows-ix86+x86_64 0.1.1 3.00 41.00 44.00 OK
r-patched-linux-x86_64 0.1.1 0.96 22.54 23.50 OK
r-patched-solaris-x86 0.1.1 44.80 NOTE
r-release-linux-x86_64 0.1.1 0.71 22.42 23.13 OK
r-release-windows-ix86+x86_64 0.1.1 4.00 52.00 56.00 OK
r-release-osx-x86_64 0.1.1 NOTE
r-oldrel-windows-ix86+x86_64 0.1.1 4.00 38.00 42.00 OK
r-oldrel-osx-x86_64 0.1.1 NOTE

Check Details

Version: 0.1.1
Check: dependencies in R code
Result: NOTE
    Namespace in Imports field not imported from: ‘dplyr’
     All declared Imports should be used.
Flavors: r-devel-linux-x86_64-fedora-clang, r-devel-linux-x86_64-fedora-gcc, r-patched-solaris-x86, r-release-osx-x86_64, r-oldrel-osx-x86_64