CRAN Package Check Results for Package crosswalkr

Last updated on 2018-11-17 15:47:20 CET.

Flavor Version Tinstall Tcheck Ttotal Status Flags
r-devel-linux-x86_64-debian-clang 0.1.1 0.90 24.71 25.61 OK
r-devel-linux-x86_64-debian-gcc 0.1.1 0.96 19.92 20.88 OK
r-devel-linux-x86_64-fedora-clang 0.1.1 33.09 NOTE
r-devel-linux-x86_64-fedora-gcc 0.1.1 29.57 NOTE
r-devel-windows-ix86+x86_64 0.1.1 3.00 53.00 56.00 OK
r-patched-linux-x86_64 0.1.1 0.98 23.43 24.41 OK
r-patched-solaris-x86 0.1.1 45.30 NOTE
r-release-linux-x86_64 0.1.1 1.13 22.98 24.11 OK
r-release-windows-ix86+x86_64 0.1.1 4.00 56.00 60.00 OK
r-release-osx-x86_64 0.1.1 NOTE
r-oldrel-windows-ix86+x86_64 0.1.1 5.00 41.00 46.00 OK
r-oldrel-osx-x86_64 0.1.1 NOTE

Check Details

Version: 0.1.1
Check: dependencies in R code
Result: NOTE
    Namespace in Imports field not imported from: ‘dplyr’
     All declared Imports should be used.
Flavors: r-devel-linux-x86_64-fedora-clang, r-devel-linux-x86_64-fedora-gcc, r-patched-solaris-x86, r-release-osx-x86_64, r-oldrel-osx-x86_64