CRAN Package Check Results for Package crosswalkr

Last updated on 2019-02-17 21:47:29 CET.

Flavor Version Tinstall Tcheck Ttotal Status Flags
r-devel-linux-x86_64-debian-clang 0.2.2 1.49 25.77 27.26 OK
r-devel-linux-x86_64-debian-gcc 0.2.2 1.27 20.38 21.65 OK
r-devel-linux-x86_64-fedora-clang 0.2.2 33.57 NOTE
r-devel-linux-x86_64-fedora-gcc 0.2.2 31.02 NOTE
r-devel-windows-ix86+x86_64 0.2.2 6.00 38.00 44.00 OK
r-patched-linux-x86_64 0.2.2 1.11 23.65 24.76 OK
r-patched-solaris-x86 0.2.2 47.70 NOTE
r-release-linux-x86_64 0.2.2 OK
r-release-windows-ix86+x86_64 0.2.2 3.00 39.00 42.00 OK
r-release-osx-x86_64 0.2.2 NOTE
r-oldrel-windows-ix86+x86_64 0.2.2 3.00 42.00 45.00 OK
r-oldrel-osx-x86_64 0.2.2 NOTE

Check Details

Version: 0.2.2
Check: dependencies in R code
Result: NOTE
    Namespace in Imports field not imported from: ‘dplyr’
     All declared Imports should be used.
Flavors: r-devel-linux-x86_64-fedora-clang, r-devel-linux-x86_64-fedora-gcc, r-patched-solaris-x86, r-release-osx-x86_64, r-oldrel-osx-x86_64