CRAN Package Check Results for Package crosswalkr

Last updated on 2018-02-24 04:48:27 CET.

Flavor Version Tinstall Tcheck Ttotal Status Flags
r-devel-linux-x86_64-debian-clang 0.1.1 1.03 22.54 23.57 OK
r-devel-linux-x86_64-debian-gcc 0.1.1 0.90 18.16 19.06 OK
r-devel-linux-x86_64-fedora-clang 0.1.1 28.26 NOTE
r-devel-linux-x86_64-fedora-gcc 0.1.1 27.04 NOTE
r-devel-windows-ix86+x86_64 0.1.1 3.00 45.00 48.00 OK
r-patched-linux-x86_64 0.1.1 0.91 25.21 26.12 OK
r-patched-solaris-x86 0.1.1 41.40 NOTE
r-release-linux-x86_64 0.1.1 0.92 25.02 25.94 OK
r-release-windows-ix86+x86_64 0.1.1 6.00 57.00 63.00 OK
r-release-osx-x86_64 0.1.1 NOTE
r-oldrel-windows-ix86+x86_64 0.1.1 3.00 32.00 35.00 OK
r-oldrel-osx-x86_64 0.1.1 NOTE

Check Details

Version: 0.1.1
Check: dependencies in R code
Result: NOTE
    Namespace in Imports field not imported from: ‘dplyr’
     All declared Imports should be used.
Flavors: r-devel-linux-x86_64-fedora-clang, r-devel-linux-x86_64-fedora-gcc, r-patched-solaris-x86, r-release-osx-x86_64, r-oldrel-osx-x86_64