CRAN Package Check Results for Package crossword.r

Last updated on 2018-08-19 07:47:15 CEST.

Flavor Version Tinstall Tcheck Ttotal Status Flags
r-devel-linux-x86_64-debian-clang 0.3.5 1.78 21.74 23.52 OK
r-devel-linux-x86_64-debian-gcc 0.3.5 1.55 17.54 19.09 OK
r-devel-linux-x86_64-fedora-clang 0.3.5 27.98 NOTE
r-devel-linux-x86_64-fedora-gcc 0.3.5 27.04 NOTE
r-devel-windows-ix86+x86_64 0.3.5 5.00 46.00 51.00 OK
r-patched-linux-x86_64 0.3.5 1.88 19.55 21.43 OK
r-patched-solaris-x86 0.3.5 40.50 NOTE
r-release-linux-x86_64 0.3.5 1.77 19.65 21.42 OK
r-release-windows-ix86+x86_64 0.3.5 6.00 43.00 49.00 OK
r-release-osx-x86_64 0.3.5 NOTE
r-oldrel-windows-ix86+x86_64 0.3.5 3.00 30.00 33.00 OK
r-oldrel-osx-x86_64 0.3.5 NOTE

Check Details

Version: 0.3.5
Check: dependencies in R code
Result: NOTE
    Namespaces in Imports field not imported from:
     ‘dplyr’ ‘r6extended’
     All declared Imports should be used.
Flavors: r-devel-linux-x86_64-fedora-clang, r-devel-linux-x86_64-fedora-gcc, r-patched-solaris-x86, r-release-osx-x86_64, r-oldrel-osx-x86_64