CRAN Package Check Results for Package crossword.r

Last updated on 2024-02-28 08:54:24 CET.

Flavor Version Tinstall Tcheck Ttotal Status Flags
r-devel-linux-x86_64-debian-clang 0.3.6 3.54 26.09 29.63 NOTE
r-devel-linux-x86_64-debian-gcc 0.3.6 2.46 20.39 22.85 NOTE
r-devel-linux-x86_64-fedora-clang 0.3.6 37.39 NOTE
r-devel-linux-x86_64-fedora-gcc 0.3.6 35.35 NOTE
r-devel-windows-x86_64 0.3.6 4.00 43.00 47.00 NOTE
r-patched-linux-x86_64 0.3.6 6.53 25.99 32.52 NOTE
r-release-linux-x86_64 0.3.6 3.54 25.66 29.20 NOTE
r-release-macos-arm64 0.3.6 18.00 NOTE
r-release-macos-x86_64 0.3.6 24.00 NOTE
r-release-windows-x86_64 0.3.6 5.00 44.00 49.00 NOTE
r-oldrel-macos-arm64 0.3.6 15.00 NOTE
r-oldrel-windows-x86_64 0.3.6 5.00 46.00 51.00 NOTE

Check Details

Version: 0.3.6
Check: LazyData
Result: NOTE 'LazyData' is specified without a 'data' directory Flavors: r-devel-linux-x86_64-debian-clang, r-devel-linux-x86_64-debian-gcc, r-devel-linux-x86_64-fedora-clang, r-devel-linux-x86_64-fedora-gcc, r-devel-windows-x86_64, r-patched-linux-x86_64, r-release-linux-x86_64, r-release-macos-arm64, r-release-macos-x86_64, r-release-windows-x86_64, r-oldrel-macos-arm64, r-oldrel-windows-x86_64

Version: 0.3.6
Check: dependencies in R code
Result: NOTE Namespaces in Imports field not imported from: ‘R6’ ‘dplyr’ ‘r6extended’ All declared Imports should be used. Flavors: r-devel-linux-x86_64-fedora-clang, r-devel-linux-x86_64-fedora-gcc, r-oldrel-macos-arm64