CRAN Package Check Results for Package crossword.r

Last updated on 2018-02-20 09:49:56 CET.

Flavor Version Tinstall Tcheck Ttotal Status Flags
r-devel-linux-x86_64-debian-clang 0.3.5 1.58 18.11 19.69 OK
r-devel-linux-x86_64-debian-gcc 0.3.5 1.24 16.25 17.49 OK
r-devel-linux-x86_64-fedora-clang 0.3.5 26.26 NOTE
r-devel-linux-x86_64-fedora-gcc 0.3.5 25.70 NOTE
r-devel-windows-ix86+x86_64 0.3.5 4.00 37.00 41.00 OK
r-patched-linux-x86_64 0.3.5 1.00 20.56 21.56 OK
r-patched-solaris-x86 0.3.5 34.60 NOTE
r-release-linux-x86_64 0.3.5 1.05 20.33 21.38 OK
r-release-windows-ix86+x86_64 0.3.5 4.00 45.00 49.00 OK
r-release-osx-x86_64 0.3.5 NOTE
r-oldrel-windows-ix86+x86_64 0.3.5 3.00 40.00 43.00 OK

Check Details

Version: 0.3.5
Check: dependencies in R code
Result: NOTE
    Namespaces in Imports field not imported from:
     ‘dplyr’ ‘r6extended’
     All declared Imports should be used.
Flavors: r-devel-linux-x86_64-fedora-clang, r-devel-linux-x86_64-fedora-gcc, r-patched-solaris-x86, r-release-osx-x86_64