CRAN Package Check Results for Package crossword.r

Last updated on 2018-11-17 06:46:37 CET.

Flavor Version Tinstall Tcheck Ttotal Status Flags
r-devel-linux-x86_64-debian-clang 0.3.5 2.17 20.85 23.02 OK
r-devel-linux-x86_64-debian-gcc 0.3.5 1.64 16.79 18.43 OK
r-devel-linux-x86_64-fedora-clang 0.3.5 28.07 NOTE
r-devel-linux-x86_64-fedora-gcc 0.3.5 26.05 NOTE
r-devel-windows-ix86+x86_64 0.3.5 4.00 46.00 50.00 OK
r-patched-linux-x86_64 0.3.5 1.97 19.50 21.47 OK
r-patched-solaris-x86 0.3.5 40.00 NOTE
r-release-linux-x86_64 0.3.5 1.93 19.63 21.56 OK
r-release-windows-ix86+x86_64 0.3.5 4.00 47.00 51.00 OK
r-release-osx-x86_64 0.3.5 NOTE
r-oldrel-windows-ix86+x86_64 0.3.5 5.00 29.00 34.00 OK
r-oldrel-osx-x86_64 0.3.5 NOTE

Check Details

Version: 0.3.5
Check: dependencies in R code
Result: NOTE
    Namespaces in Imports field not imported from:
     ‘dplyr’ ‘r6extended’
     All declared Imports should be used.
Flavors: r-devel-linux-x86_64-fedora-clang, r-devel-linux-x86_64-fedora-gcc, r-patched-solaris-x86, r-release-osx-x86_64, r-oldrel-osx-x86_64