CRAN Package Check Results for Package crossword.r

Last updated on 2018-05-26 20:47:44 CEST.

Flavor Version Tinstall Tcheck Ttotal Status Flags
r-devel-linux-x86_64-debian-clang 0.3.5 1.58 20.74 22.32 OK
r-devel-linux-x86_64-debian-gcc 0.3.5 1.09 16.57 17.66 OK
r-devel-linux-x86_64-fedora-clang 0.3.5 26.96 NOTE
r-devel-linux-x86_64-fedora-gcc 0.3.5 25.79 NOTE
r-devel-windows-ix86+x86_64 0.3.5 3.00 38.00 41.00 OK
r-patched-linux-x86_64 0.3.5 1.89 19.35 21.24 OK
r-patched-solaris-x86 0.3.5 37.90 NOTE
r-release-linux-x86_64 0.3.5 1.73 19.29 21.02 OK
r-release-windows-ix86+x86_64 0.3.5 4.00 47.00 51.00 OK
r-release-osx-x86_64 0.3.5 NOTE
r-oldrel-windows-ix86+x86_64 0.3.5 4.00 33.00 37.00 OK
r-oldrel-osx-x86_64 0.3.5 NOTE

Check Details

Version: 0.3.5
Check: dependencies in R code
Result: NOTE
    Namespaces in Imports field not imported from:
     ‘dplyr’ ‘r6extended’
     All declared Imports should be used.
Flavors: r-devel-linux-x86_64-fedora-clang, r-devel-linux-x86_64-fedora-gcc, r-patched-solaris-x86, r-release-osx-x86_64, r-oldrel-osx-x86_64