CRAN Package Check Results for Package crossword.r

Last updated on 2019-02-19 22:51:24 CET.

Flavor Version Tinstall Tcheck Ttotal Status Flags
r-devel-linux-x86_64-debian-clang 0.3.6 2.40 20.63 23.03 OK
r-devel-linux-x86_64-debian-gcc 0.3.6 1.87 16.64 18.51 OK
r-devel-linux-x86_64-fedora-clang 0.3.6 28.71 NOTE
r-devel-linux-x86_64-fedora-gcc 0.3.6 27.13 NOTE
r-devel-windows-ix86+x86_64 0.3.6 5.00 55.00 60.00 OK
r-patched-linux-x86_64 0.3.6 1.80 19.53 21.33 OK
r-patched-solaris-x86 0.3.6 41.70 NOTE
r-release-linux-x86_64 0.3.6 1.88 19.14 21.02 OK
r-release-windows-ix86+x86_64 0.3.6 3.00 44.00 47.00 OK
r-release-osx-x86_64 0.3.6 NOTE
r-oldrel-windows-ix86+x86_64 0.3.6 3.00 33.00 36.00 OK
r-oldrel-osx-x86_64 0.3.6 NOTE

Check Details

Version: 0.3.6
Check: dependencies in R code
Result: NOTE
    Namespaces in Imports field not imported from:
     ‘R6’ ‘dplyr’ ‘r6extended’
     All declared Imports should be used.
Flavors: r-devel-linux-x86_64-fedora-clang, r-devel-linux-x86_64-fedora-gcc, r-patched-solaris-x86, r-release-osx-x86_64, r-oldrel-osx-x86_64