CRAN Package Check Results for Package crs

Last updated on 2018-06-18 00:49:03 CEST.

Flavor Version Tinstall Tcheck Ttotal Status Flags
r-devel-linux-x86_64-debian-clang 0.15-31 210.43 150.68 361.11 OK
r-devel-linux-x86_64-debian-gcc 0.15-31 196.44 131.53 327.97 OK
r-devel-linux-x86_64-fedora-clang 0.15-31 520.09 NOTE
r-devel-linux-x86_64-fedora-gcc 0.15-31 458.03 OK
r-devel-windows-ix86+x86_64 0.15-31 492.00 162.00 654.00 NOTE --no-vignettes
r-patched-linux-x86_64 0.15-31 228.09 157.14 385.23 OK
r-patched-solaris-x86 0.15-31 587.30 OK
r-release-linux-x86_64 0.15-31 231.66 155.20 386.86 OK
r-release-windows-ix86+x86_64 0.15-31 516.00 155.00 671.00 NOTE --no-vignettes
r-release-osx-x86_64 0.15-31 NOTE
r-oldrel-windows-ix86+x86_64 0.15-31 359.00 214.00 573.00 NOTE --no-vignettes
r-oldrel-osx-x86_64 0.15-31 NOTE

Check Details

Version: 0.15-31
Check: installed package size
Result: NOTE
     installed size is 24.3Mb
     sub-directories of 1Mb or more:
     libs 22.6Mb
Flavors: r-devel-linux-x86_64-fedora-clang, r-release-osx-x86_64, r-oldrel-osx-x86_64

Version: 0.15-31
Flags: --no-vignettes
Check: installed package size
Result: NOTE
     installed size is 7.6Mb
     sub-directories of 1Mb or more:
     libs 5.9Mb
Flavors: r-devel-windows-ix86+x86_64, r-release-windows-ix86+x86_64, r-oldrel-windows-ix86+x86_64