CRAN Package Check Results for Package crsra

Last updated on 2022-08-07 19:55:06 CEST.

Flavor Version Tinstall Tcheck Ttotal Status Flags
r-devel-linux-x86_64-debian-clang 0.2.3 13.64 123.24 136.88 OK
r-devel-linux-x86_64-debian-gcc 0.2.3 10.52 91.36 101.88 OK
r-devel-linux-x86_64-fedora-clang 0.2.3 169.10 NOTE
r-devel-linux-x86_64-fedora-gcc 0.2.3 166.20 NOTE
r-devel-windows-x86_64 0.2.3 22.00 144.00 166.00 OK
r-patched-linux-x86_64 0.2.3 16.54 113.47 130.01 OK
r-release-linux-x86_64 0.2.3 12.17 116.18 128.35 OK
r-release-macos-arm64 0.2.3 45.00 NOTE
r-release-macos-x86_64 0.2.3 105.00 NOTE
r-release-windows-x86_64 0.2.3 22.00 141.00 163.00 OK
r-oldrel-macos-arm64 0.2.3 63.00 NOTE
r-oldrel-macos-x86_64 0.2.3 86.00 NOTE
r-oldrel-windows-ix86+x86_64 0.2.3 28.00 150.00 178.00 OK

Check Details

Version: 0.2.3
Check: data for non-ASCII characters
Result: NOTE
     Note: found 500 marked UTF-8 strings
Flavors: r-devel-linux-x86_64-fedora-clang, r-devel-linux-x86_64-fedora-gcc, r-release-macos-arm64, r-release-macos-x86_64, r-oldrel-macos-arm64, r-oldrel-macos-x86_64