Last updated on 2022-05-28 13:51:18 CEST.
Flavor | Version | Tinstall | Tcheck | Ttotal | Status | Flags |
---|---|---|---|---|---|---|
r-devel-linux-x86_64-debian-clang | 0.3.1 | 45.49 | 301.71 | 347.20 | OK | |
r-devel-linux-x86_64-debian-gcc | 0.3.1 | 30.39 | 223.39 | 253.78 | OK | |
r-devel-linux-x86_64-fedora-clang | 0.3.1 | 399.63 | NOTE | |||
r-devel-linux-x86_64-fedora-gcc | 0.3.1 | 397.86 | OK | |||
r-devel-windows-x86_64 | 0.3.1 | 43.00 | 286.00 | 329.00 | NOTE | |
r-patched-linux-x86_64 | 0.3.1 | 31.89 | 288.84 | 320.73 | OK | |
r-release-linux-x86_64 | 0.3.1 | 29.23 | 286.33 | 315.56 | OK | |
r-release-macos-arm64 | 0.3.1 | 97.00 | NOTE | |||
r-release-macos-x86_64 | 0.3.1 | 206.00 | NOTE | |||
r-release-windows-x86_64 | 0.3.1 | 41.00 | 292.00 | 333.00 | NOTE | |
r-oldrel-macos-arm64 | 0.3.1 | 67.00 | NOTE | |||
r-oldrel-macos-x86_64 | 0.3.1 | 89.00 | NOTE | |||
r-oldrel-windows-ix86+x86_64 | 0.3.1 | 86.00 | 282.00 | 368.00 | NOTE |
Version: 0.3.1
Check: installed package size
Result: NOTE
installed size is 5.8Mb
sub-directories of 1Mb or more:
data 5.7Mb
Flavors: r-devel-linux-x86_64-fedora-clang, r-devel-windows-x86_64, r-release-macos-arm64, r-release-macos-x86_64, r-release-windows-x86_64, r-oldrel-macos-arm64, r-oldrel-macos-x86_64, r-oldrel-windows-ix86+x86_64