CRAN Package Check Results for Package crul

Last updated on 2019-02-18 05:49:16 CET.

Flavor Version Tinstall Tcheck Ttotal Status Flags
r-devel-linux-x86_64-debian-clang 0.7.0 7.04 32.20 39.24 OK
r-devel-linux-x86_64-debian-gcc 0.7.0 5.33 24.09 29.42 ERROR
r-devel-linux-x86_64-fedora-clang 0.7.0 48.44 OK
r-devel-linux-x86_64-fedora-gcc 0.7.0 44.71 OK
r-devel-windows-ix86+x86_64 0.7.0 14.00 49.00 63.00 OK
r-patched-linux-x86_64 0.7.0 5.12 27.73 32.85 OK
r-patched-solaris-x86 0.7.0 61.80 OK
r-release-linux-x86_64 0.7.0 OK
r-release-windows-ix86+x86_64 0.7.0 11.00 48.00 59.00 OK
r-release-osx-x86_64 0.7.0 OK
r-oldrel-windows-ix86+x86_64 0.7.0 5.00 58.00 63.00 OK
r-oldrel-osx-x86_64 0.7.0 OK

Check Details

Version: 0.7.0
Check: tests
Result: ERROR
     Running ‘test-all.R’ [0s/1s]
    Running the tests in ‘tests/test-all.R’ failed.
    Complete output:
     > library("testthat")
     > test_check("crul")
     Loading required package: crul
     Error in curl::curl_fetch_memory(urls[i], handle = h) :
     Could not resolve host: eu.httpbin.org
     Calls: test_check ... source_dir -> lapply -> FUN -> eval -> eval -> <Anonymous>
     Execution halted
Flavor: r-devel-linux-x86_64-debian-gcc