CRAN Package Check Results for Package crul

Last updated on 2018-05-26 02:48:28 CEST.

Flavor Version Tinstall Tcheck Ttotal Status Flags
r-devel-linux-x86_64-debian-clang 0.5.2 4.08 28.45 32.53 OK
r-devel-linux-x86_64-debian-gcc 0.5.2 4.26 22.59 26.85 OK
r-devel-linux-x86_64-fedora-clang 0.5.2 39.42 NOTE
r-devel-linux-x86_64-fedora-gcc 0.5.2 37.28 NOTE
r-devel-windows-ix86+x86_64 0.5.2 9.00 52.00 61.00 OK
r-patched-linux-x86_64 0.5.2 6.21 26.67 32.88 OK
r-patched-solaris-x86 0.5.2 53.20 NOTE
r-release-linux-x86_64 0.5.2 5.09 26.59 31.68 OK
r-release-windows-ix86+x86_64 0.5.2 12.00 48.00 60.00 OK
r-release-osx-x86_64 0.5.2 NOTE
r-oldrel-windows-ix86+x86_64 0.5.2 6.00 56.00 62.00 OK
r-oldrel-osx-x86_64 0.5.2 NOTE

Check Details

Version: 0.5.2
Check: dependencies in R code
Result: NOTE
    Namespace in Imports field not imported from: ‘httpcode’
     All declared Imports should be used.
Flavors: r-devel-linux-x86_64-fedora-clang, r-devel-linux-x86_64-fedora-gcc, r-patched-solaris-x86, r-release-osx-x86_64, r-oldrel-osx-x86_64