CRAN Package Check Results for Package crunch

Last updated on 2018-05-28 01:46:26 CEST.

Flavor Version Tinstall Tcheck Ttotal Status Flags
r-devel-linux-x86_64-debian-clang 1.22.0 25.81 171.41 197.22 WARN
r-devel-linux-x86_64-debian-gcc 1.22.0 23.20 151.69 174.89 WARN
r-devel-linux-x86_64-fedora-clang 1.22.0 247.14 OK
r-devel-linux-x86_64-fedora-gcc 1.22.0 244.86 OK
r-devel-windows-ix86+x86_64 1.22.0 42.00 214.00 256.00 OK
r-patched-linux-x86_64 1.22.0 25.07 173.69 198.76 OK
r-patched-solaris-x86 1.22.0 254.40 OK
r-release-linux-x86_64 1.22.0 27.32 169.88 197.20 OK
r-release-windows-ix86+x86_64 1.22.0 57.00 286.00 343.00 OK
r-release-osx-x86_64 1.22.0 ERROR
r-oldrel-windows-ix86+x86_64 1.22.0 36.00 205.00 241.00 OK
r-oldrel-osx-x86_64 1.20.0 OK

Check Details

Version: 1.22.0
Check: for unstated dependencies in ‘tests’
Result: WARN
    '::' or ':::' import not declared from: ‘withr’
Flavors: r-devel-linux-x86_64-debian-clang, r-devel-linux-x86_64-debian-gcc

Version: 1.22.0
Check: tests
Result: ERROR
     Running ‘spelling.R’ [8s/8s]
     Comparing ‘spelling.Rout’ to ‘spelling.Rout.save’ ... OK
     Running ‘testthat.R’ [41s/43s]
    Running the tests in ‘tests/testthat.R’ failed.
    Last 13 lines of output:
    
     table
    
    
     <1b>[31m──<1b>[39m <1b>[31m1. Failure: checkInstalledPackages (@test-misc.R#208) <1b>[39m <1b>[31m──────────────────────<1b>[39m
     `checkInstalledPackages(c("not", "installed"))` threw an error with unexpected message.
     Expected match: "Missing required packages: \"not\" and \"installed\""
     Actual message: "Missing required packages: \"installed\""
    
     ══ testthat results ═══════════════════════════════════════════════════════════
     OK: 2590 SKIPPED: 14 FAILED: 1
     1. Failure: checkInstalledPackages (@test-misc.R#208)
    
     Error: testthat unit tests failed
     Execution halted
Flavor: r-release-osx-x86_64