CRAN Package Check Results for Package csabounds

Last updated on 2019-02-20 13:46:22 CET.

Flavor Version Tinstall Tcheck Ttotal Status Flags
r-devel-linux-x86_64-debian-clang 1.0.0 3.19 43.97 47.16 OK
r-devel-linux-x86_64-debian-gcc 1.0.0 2.43 33.67 36.10 OK
r-devel-linux-x86_64-fedora-clang 1.0.0 56.23 NOTE
r-devel-linux-x86_64-fedora-gcc 1.0.0 50.65 NOTE
r-devel-windows-ix86+x86_64 1.0.0 11.00 81.00 92.00 OK
r-patched-linux-x86_64 1.0.0 OK
r-patched-solaris-x86 1.0.0 81.70 NOTE
r-release-linux-x86_64 1.0.0 OK
r-release-windows-ix86+x86_64 1.0.0 6.00 80.00 86.00 OK
r-release-osx-x86_64 1.0.0 NOTE
r-oldrel-windows-ix86+x86_64 1.0.0 8.00 68.00 76.00 OK
r-oldrel-osx-x86_64 1.0.0 NOTE

Check Details

Version: 1.0.0
Check: dependencies in R code
Result: NOTE
    Namespace in Imports field not imported from: ‘qte’
     All declared Imports should be used.
Flavors: r-devel-linux-x86_64-fedora-clang, r-devel-linux-x86_64-fedora-gcc, r-patched-solaris-x86, r-release-osx-x86_64, r-oldrel-osx-x86_64