CRAN Package Check Results for Package csabounds

Last updated on 2018-05-22 15:48:28 CEST.

Flavor Version Tinstall Tcheck Ttotal Status Flags
r-devel-linux-x86_64-debian-clang 1.0.0 2.53 39.09 41.62 OK
r-devel-linux-x86_64-debian-gcc 1.0.0 2.27 30.81 33.08 OK
r-devel-linux-x86_64-fedora-clang 1.0.0 50.33 NOTE
r-devel-linux-x86_64-fedora-gcc 1.0.0 47.85 NOTE
r-devel-windows-ix86+x86_64 1.0.0 5.00 65.00 70.00 OK
r-patched-linux-x86_64 1.0.0 2.50 36.55 39.05 OK
r-patched-solaris-x86 1.0.0 70.80 NOTE
r-release-linux-x86_64 1.0.0 2.13 35.79 37.92 OK
r-release-windows-ix86+x86_64 1.0.0 6.00 73.00 79.00 OK
r-release-osx-x86_64 1.0.0 NOTE
r-oldrel-windows-ix86+x86_64 1.0.0 8.00 70.00 78.00 OK
r-oldrel-osx-x86_64 1.0.0 NOTE

Check Details

Version: 1.0.0
Check: dependencies in R code
Result: NOTE
    Namespace in Imports field not imported from: ‘qte’
     All declared Imports should be used.
Flavors: r-devel-linux-x86_64-fedora-clang, r-devel-linux-x86_64-fedora-gcc, r-patched-solaris-x86, r-release-osx-x86_64, r-oldrel-osx-x86_64