CRAN Package Check Results for Package csabounds

Last updated on 2018-02-22 15:49:05 CET.

Flavor Version Tinstall Tcheck Ttotal Status Flags
r-devel-linux-x86_64-debian-clang 1.0.0 2.30 32.86 35.16 OK
r-devel-linux-x86_64-debian-gcc 1.0.0 1.93 28.95 30.88 OK
r-devel-linux-x86_64-fedora-clang 1.0.0 46.87 NOTE
r-devel-linux-x86_64-fedora-gcc 1.0.0 43.45 NOTE
r-devel-windows-ix86+x86_64 1.0.0 8.00 53.00 61.00 OK
r-patched-linux-x86_64 1.0.0 1.88 39.48 41.36 OK
r-patched-solaris-x86 1.0.0 67.10 NOTE
r-release-linux-x86_64 1.0.0 2.03 39.33 41.36 OK
r-release-windows-ix86+x86_64 1.0.0 9.00 71.00 80.00 OK
r-release-osx-x86_64 1.0.0 NOTE
r-oldrel-windows-ix86+x86_64 1.0.0 5.00 72.00 77.00 OK
r-oldrel-osx-x86_64 1.0.0 NOTE

Check Details

Version: 1.0.0
Check: dependencies in R code
Result: NOTE
    Namespace in Imports field not imported from: ‘qte’
     All declared Imports should be used.
Flavors: r-devel-linux-x86_64-fedora-clang, r-devel-linux-x86_64-fedora-gcc, r-patched-solaris-x86, r-release-osx-x86_64, r-oldrel-osx-x86_64