CRAN Package Check Results for Package cshapes

Last updated on 2019-12-06 03:47:18 CET.

Flavor Version Tinstall Tcheck Ttotal Status Flags
r-devel-linux-x86_64-debian-clang 0.6 4.55 37.96 42.51 OK
r-devel-linux-x86_64-debian-gcc 0.6 3.62 29.86 33.48 OK
r-devel-linux-x86_64-fedora-clang 0.6 50.66 NOTE
r-devel-linux-x86_64-fedora-gcc 0.6 48.50 OK
r-devel-windows-ix86+x86_64 0.6 12.00 102.00 114.00 NOTE
r-devel-windows-ix86+x86_64-gcc8 0.6 16.00 67.00 83.00 NOTE
r-patched-linux-x86_64 0.6 4.39 34.69 39.08 OK
r-patched-solaris-x86 0.6 83.00 NOTE
r-release-linux-x86_64 0.6 3.28 34.53 37.81 OK
r-release-windows-ix86+x86_64 0.6 17.00 65.00 82.00 NOTE
r-release-osx-x86_64 0.6 NOTE
r-oldrel-windows-ix86+x86_64 0.6 8.00 95.00 103.00 NOTE
r-oldrel-osx-x86_64 0.6 NOTE

Check Details

Version: 0.6
Check: installed package size
Result: NOTE
     installed size is 7.9Mb
     sub-directories of 1Mb or more:
     shp 7.8Mb
Flavors: r-devel-linux-x86_64-fedora-clang, r-devel-windows-ix86+x86_64, r-devel-windows-ix86+x86_64-gcc8, r-patched-solaris-x86, r-release-windows-ix86+x86_64, r-release-osx-x86_64, r-oldrel-windows-ix86+x86_64, r-oldrel-osx-x86_64