CRAN Package Check Results for Package cshapes

Last updated on 2020-07-07 07:47:51 CEST.

Flavor Version Tinstall Tcheck Ttotal Status Flags
r-devel-linux-x86_64-debian-clang 0.6 4.50 38.46 42.96 OK
r-devel-linux-x86_64-debian-gcc 0.6 3.62 30.11 33.73 OK
r-devel-linux-x86_64-fedora-clang 0.6 59.68 NOTE
r-devel-linux-x86_64-fedora-gcc 0.6 49.79 OK
r-devel-windows-ix86+x86_64 0.6 14.00 77.00 91.00 NOTE
r-patched-linux-x86_64 0.6 4.29 37.62 41.91 OK
r-patched-solaris-x86 0.6 82.50 NOTE
r-release-linux-x86_64 0.6 4.48 37.77 42.25 OK
r-release-osx-x86_64 0.6 NOTE
r-release-windows-ix86+x86_64 0.6 17.00 85.00 102.00 NOTE
r-oldrel-osx-x86_64 0.6 NOTE
r-oldrel-windows-ix86+x86_64 0.6 14.00 117.00 131.00 NOTE

Check Details

Version: 0.6
Check: installed package size
Result: NOTE
     installed size is 7.9Mb
     sub-directories of 1Mb or more:
     shp 7.8Mb
Flavors: r-devel-linux-x86_64-fedora-clang, r-devel-windows-ix86+x86_64, r-patched-solaris-x86, r-release-osx-x86_64, r-release-windows-ix86+x86_64, r-oldrel-osx-x86_64, r-oldrel-windows-ix86+x86_64