CRAN Package Check Results for Package csp

Last updated on 2018-08-21 12:50:23 CEST.

Flavor Version Tinstall Tcheck Ttotal Status Flags
r-devel-linux-x86_64-debian-clang 0.1.0 117.24 177.60 294.84 OK
r-devel-linux-x86_64-debian-gcc 0.1.0 106.86 143.94 250.80 OK
r-devel-linux-x86_64-fedora-clang 0.1.0 395.05 NOTE
r-devel-linux-x86_64-fedora-gcc 0.1.0 384.82 NOTE
r-devel-windows-ix86+x86_64 0.1.0 218.00 179.00 397.00 NOTE
r-patched-linux-x86_64 0.1.0 121.15 175.98 297.13 OK
r-patched-solaris-x86 0.1.0 275.10 ERROR
r-release-linux-x86_64 0.1.0 118.83 172.69 291.52 OK
r-release-windows-ix86+x86_64 0.1.0 213.00 180.00 393.00 NOTE
r-release-osx-x86_64 0.1.0 NOTE
r-oldrel-windows-ix86+x86_64 0.1.0 179.00 245.00 424.00 NOTE
r-oldrel-osx-x86_64 0.1.0 NOTE

Check Details

Version: 0.1.0
Check: installed package size
Result: NOTE
     installed size is 11.0Mb
     sub-directories of 1Mb or more:
     data 10.9Mb
Flavors: r-devel-linux-x86_64-fedora-clang, r-devel-windows-ix86+x86_64, r-release-windows-ix86+x86_64, r-release-osx-x86_64, r-oldrel-windows-ix86+x86_64, r-oldrel-osx-x86_64

Version: 0.1.0
Check: data for non-ASCII characters
Result: NOTE
     Note: found 59670 marked Latin-1 strings
     Note: found 16 marked UTF-8 strings
Flavors: r-devel-linux-x86_64-fedora-clang, r-devel-linux-x86_64-fedora-gcc, r-release-osx-x86_64, r-oldrel-osx-x86_64

Version: 0.1.0
Check: whether package can be installed
Result: ERROR
    Installation failed.
Flavor: r-patched-solaris-x86