CRAN Package Check Results for Package csp

Last updated on 2018-02-26 01:46:14 CET.

Flavor Version Tinstall Tcheck Ttotal Status Flags
r-devel-linux-x86_64-debian-clang 0.1.0 121.69 154.28 275.97 OK
r-devel-linux-x86_64-debian-gcc 0.1.0 100.12 139.08 239.20 OK
r-devel-linux-x86_64-fedora-clang 0.1.0 400.51 NOTE
r-devel-linux-x86_64-fedora-gcc 0.1.0 393.77 NOTE
r-devel-windows-ix86+x86_64 0.1.0 206.00 226.00 432.00 NOTE
r-patched-linux-x86_64 0.1.0 118.96 169.45 288.41 OK
r-patched-solaris-x86 0.1.0 283.60 ERROR
r-release-linux-x86_64 0.1.0 119.72 168.25 287.97 OK
r-release-windows-ix86+x86_64 0.1.0 166.00 229.00 395.00 NOTE
r-release-osx-x86_64 0.1.0 NOTE
r-oldrel-windows-ix86+x86_64 0.1.0 212.00 177.00 389.00 NOTE
r-oldrel-osx-x86_64 0.1.0 NOTE

Check Details

Version: 0.1.0
Check: installed package size
Result: NOTE
     installed size is 11.0Mb
     sub-directories of 1Mb or more:
     data 10.9Mb
Flavors: r-devel-linux-x86_64-fedora-clang, r-devel-linux-x86_64-fedora-gcc, r-devel-windows-ix86+x86_64, r-release-windows-ix86+x86_64, r-release-osx-x86_64, r-oldrel-windows-ix86+x86_64, r-oldrel-osx-x86_64

Version: 0.1.0
Check: data for non-ASCII characters
Result: NOTE
     Note: found 59670 marked Latin-1 strings
     Note: found 16 marked UTF-8 strings
Flavors: r-devel-linux-x86_64-fedora-clang, r-devel-linux-x86_64-fedora-gcc, r-release-osx-x86_64, r-oldrel-osx-x86_64

Version: 0.1.0
Check: whether package can be installed
Result: ERROR
    Installation failed.
Flavor: r-patched-solaris-x86