CRAN Package Check Results for Package csp

Last updated on 2019-02-21 01:50:38 CET.

Flavor Version Tinstall Tcheck Ttotal Status Flags
r-devel-linux-x86_64-debian-clang 0.1.0 120.91 177.08 297.99 OK
r-devel-linux-x86_64-debian-gcc 0.1.0 109.57 146.46 256.03 OK
r-devel-linux-x86_64-fedora-clang 0.1.0 392.07 NOTE
r-devel-linux-x86_64-fedora-gcc 0.1.0 320.02 NOTE
r-devel-windows-ix86+x86_64 0.1.0 209.00 234.00 443.00 NOTE
r-patched-linux-x86_64 0.1.0 OK
r-patched-solaris-x86 0.1.0 281.20 ERROR
r-release-linux-x86_64 0.1.0 OK
r-release-windows-ix86+x86_64 0.1.0 173.00 233.00 406.00 NOTE
r-release-osx-x86_64 0.1.0 NOTE
r-oldrel-windows-ix86+x86_64 0.1.0 189.00 203.00 392.00 NOTE
r-oldrel-osx-x86_64 0.1.0 NOTE

Check Details

Version: 0.1.0
Check: installed package size
Result: NOTE
     installed size is 11.0Mb
     sub-directories of 1Mb or more:
     data 10.9Mb
Flavors: r-devel-linux-x86_64-fedora-clang, r-devel-windows-ix86+x86_64, r-release-windows-ix86+x86_64, r-release-osx-x86_64, r-oldrel-windows-ix86+x86_64, r-oldrel-osx-x86_64

Version: 0.1.0
Check: data for non-ASCII characters
Result: NOTE
     Note: found 59670 marked Latin-1 strings
     Note: found 16 marked UTF-8 strings
Flavors: r-devel-linux-x86_64-fedora-clang, r-devel-linux-x86_64-fedora-gcc, r-release-osx-x86_64, r-oldrel-osx-x86_64

Version: 0.1.0
Check: whether package can be installed
Result: ERROR
    Installation failed.
Flavor: r-patched-solaris-x86