CRAN Package Check Results for Package csp

Last updated on 2018-11-18 11:50:44 CET.

Flavor Version Tinstall Tcheck Ttotal Status Flags
r-devel-linux-x86_64-debian-clang 0.1.0 120.22 174.99 295.21 OK
r-devel-linux-x86_64-debian-gcc 0.1.0 105.42 141.73 247.15 OK
r-devel-linux-x86_64-fedora-clang 0.1.0 385.48 NOTE
r-devel-linux-x86_64-fedora-gcc 0.1.0 392.63 NOTE
r-devel-windows-ix86+x86_64 0.1.0 212.00 195.00 407.00 NOTE
r-patched-linux-x86_64 0.1.0 118.43 175.33 293.76 OK
r-patched-solaris-x86 0.1.0 278.10 ERROR
r-release-linux-x86_64 0.1.0 118.05 182.17 300.22 OK
r-release-windows-ix86+x86_64 0.1.0 217.00 200.00 417.00 NOTE
r-release-osx-x86_64 0.1.0 NOTE
r-oldrel-windows-ix86+x86_64 0.1.0 214.00 202.00 416.00 NOTE
r-oldrel-osx-x86_64 0.1.0 NOTE

Check Details

Version: 0.1.0
Check: installed package size
Result: NOTE
     installed size is 11.0Mb
     sub-directories of 1Mb or more:
     data 10.9Mb
Flavors: r-devel-linux-x86_64-fedora-clang, r-devel-windows-ix86+x86_64, r-release-windows-ix86+x86_64, r-release-osx-x86_64, r-oldrel-windows-ix86+x86_64, r-oldrel-osx-x86_64

Version: 0.1.0
Check: data for non-ASCII characters
Result: NOTE
     Note: found 59670 marked Latin-1 strings
     Note: found 16 marked UTF-8 strings
Flavors: r-devel-linux-x86_64-fedora-clang, r-devel-linux-x86_64-fedora-gcc, r-release-osx-x86_64, r-oldrel-osx-x86_64

Version: 0.1.0
Check: whether package can be installed
Result: ERROR
    Installation failed.
Flavor: r-patched-solaris-x86