CRAN Package Check Results for Package csvread

Last updated on 2023-06-09 13:54:29 CEST.

Flavor Version Tinstall Tcheck Ttotal Status Flags
r-devel-linux-x86_64-debian-clang 1.2.1 6.57 23.31 29.88 NOTE
r-devel-linux-x86_64-debian-gcc 1.2.1 4.85 18.48 23.33 NOTE
r-devel-linux-x86_64-fedora-clang 1.2.1 39.10 NOTE
r-devel-linux-x86_64-fedora-gcc 1.2.1 36.66 NOTE
r-devel-windows-x86_64 1.2.1 10.00 54.00 64.00 NOTE
r-patched-linux-x86_64 1.2.1 4.74 22.95 27.69 NOTE
r-release-linux-x86_64 1.2.1 5.90 23.33 29.23 NOTE
r-release-macos-arm64 1.2.1 19.00 NOTE
r-release-macos-x86_64 1.2.1 25.00 NOTE
r-release-windows-x86_64 1.2.1 8.00 67.00 75.00 NOTE
r-oldrel-macos-arm64 1.2.1 21.00 NOTE
r-oldrel-macos-x86_64 1.2.1 23.00 NOTE
r-oldrel-windows-x86_64 1.2.1 13.00 64.00 77.00 NOTE

Check Details

Version: 1.2.1
Check: LazyData
Result: NOTE
     'LazyData' is specified without a 'data' directory
Flavors: r-devel-linux-x86_64-debian-clang, r-devel-linux-x86_64-debian-gcc, r-devel-linux-x86_64-fedora-clang, r-devel-linux-x86_64-fedora-gcc, r-devel-windows-x86_64, r-patched-linux-x86_64, r-release-linux-x86_64, r-release-macos-arm64, r-release-macos-x86_64, r-release-windows-x86_64, r-oldrel-macos-arm64, r-oldrel-macos-x86_64, r-oldrel-windows-x86_64