CRAN Package Check Results for Package ctmle

Last updated on 2018-02-22 20:46:26 CET.

Flavor Version Tinstall Tcheck Ttotal Status Flags
r-devel-linux-x86_64-debian-clang 0.1.1 7.74 158.21 165.95 OK
r-devel-linux-x86_64-debian-gcc 0.1.1 4.74 133.56 138.30 ERROR
r-devel-linux-x86_64-fedora-clang 0.1.1 217.88 OK
r-devel-linux-x86_64-fedora-gcc 0.1.1 211.15 OK
r-devel-windows-ix86+x86_64 0.1.1 14.00 189.00 203.00 OK
r-patched-linux-x86_64 0.1.1 3.37 206.02 209.39 OK
r-patched-solaris-x86 0.1.1 307.90 OK
r-release-linux-x86_64 0.1.1 3.11 200.03 203.14 OK
r-release-windows-ix86+x86_64 0.1.1 11.00 271.00 282.00 OK
r-release-osx-x86_64 0.1.1 OK
r-oldrel-windows-ix86+x86_64 0.1.1 7.00 201.00 208.00 OK
r-oldrel-osx-x86_64 0.1.1 OK

Check Details

Version: 0.1.1
Check: tests
Result: ERROR
     Running ‘testthat.R’ [27s/38s]
    Running the tests in ‘tests/testthat.R’ failed.
    Complete output:
     > library(testthat)
     > library(ctmle)
     Loading required package: SuperLearner
     Loading required package: nnls
     Super Learner
     Version: 2.0-22
     Package created on 2017-07-18
    
     Loading required package: tmle
     Welcome to the tmle package, version 1.2.0-6
    
     Use tmleNews() to see details on changes and bug fixes
     Loading required package: glmnet
     Loading required package: Matrix
     Loading required package: foreach
     Loaded glmnet 2.0-13
    
     >
     > test_check("ctmle")
     ── 1. Failure: (unknown) (@test-ctmleDiscrete.R#62) ───────────────────────────
     time_greedy[3] > time_preorder[3] isn't true.
    
     ══ testthat results ═══════════════════════════════════════════════════════════
     OK: 19 SKIPPED: 0 FAILED: 1
     1. Failure: (unknown) (@test-ctmleDiscrete.R#62)
    
     Error: testthat unit tests failed
     Execution halted
Flavor: r-devel-linux-x86_64-debian-gcc