CRAN Package Check Results for Package ctmm

Last updated on 2018-05-23 12:48:09 CEST.

Flavor Version Tinstall Tcheck Ttotal Status Flags
r-devel-linux-x86_64-debian-clang 0.5.0 19.03 214.30 233.33 OK --no-vignettes
r-devel-linux-x86_64-debian-gcc 0.5.0 16.02 145.48 161.50 OK --no-vignettes
r-devel-linux-x86_64-fedora-clang 0.5.0 1224.96 NOTE
r-devel-linux-x86_64-fedora-gcc 0.5.0 1120.45 NOTE
r-devel-windows-ix86+x86_64 0.5.0 105.00 791.00 896.00 OK --no-vignettes
r-patched-linux-x86_64 0.5.0 16.12 199.26 215.38 OK --no-vignettes
r-patched-solaris-x86 0.5.0 355.20 NOTE --no-build-vignettes
r-release-linux-x86_64 0.5.0 19.00 197.81 216.81 OK --no-vignettes
r-release-windows-ix86+x86_64 0.5.0 149.00 365.00 514.00 OK --no-vignettes
r-release-osx-x86_64 0.5.0 NOTE
r-oldrel-windows-ix86+x86_64 0.5.0 303.00 839.00 1142.00 OK --no-vignettes
r-oldrel-osx-x86_64 0.4.1 OK

Check Details

Version: 0.5.0
Check: dependencies in R code
Result: NOTE
    Namespace in Imports field not imported from: ‘Matrix’
     All declared Imports should be used.
Flavors: r-devel-linux-x86_64-fedora-clang, r-devel-linux-x86_64-fedora-gcc, r-release-osx-x86_64

Version: 0.5.0
Flags: --no-build-vignettes
Check: dependencies in R code
Result: NOTE
    Namespace in Imports field not imported from: ‘Matrix’
     All declared Imports should be used.
Flavor: r-patched-solaris-x86