CRAN Package Check Results for Package ctmm

Last updated on 2019-02-20 13:46:22 CET.

Flavor Version Tinstall Tcheck Ttotal Status Flags
r-devel-linux-x86_64-debian-clang 0.5.5 23.58 239.33 262.91 OK --no-vignettes
r-devel-linux-x86_64-debian-gcc 0.5.5 19.53 187.13 206.66 OK --no-vignettes
r-devel-linux-x86_64-fedora-clang 0.5.5 3423.31 OK
r-devel-linux-x86_64-fedora-gcc 0.5.5 2641.56 OK
r-devel-windows-ix86+x86_64 0.5.5 170.00 410.00 580.00 OK --no-vignettes
r-patched-linux-x86_64 0.5.5 OK --no-vignettes
r-patched-solaris-x86 0.5.5 402.10 OK --no-build-vignettes
r-release-linux-x86_64 0.5.5 OK --no-vignettes
r-release-windows-ix86+x86_64 0.5.5 88.00 777.00 865.00 OK --no-vignettes
r-release-osx-x86_64 0.5.5 OK
r-oldrel-windows-ix86+x86_64 0.5.4 270.00 1077.00 1347.00 OK --no-vignettes
r-oldrel-osx-x86_64 0.5.5 ERROR

Check Details

Version: 0.5.5
Check: whether package can be installed
Result: ERROR
    Installation failed.
Flavor: r-oldrel-osx-x86_64