CRAN Package Check Results for Package ctsem

Last updated on 2018-02-20 23:49:59 CET.

Flavor Version Tinstall Tcheck Ttotal Status Flags
r-devel-linux-x86_64-debian-clang 2.5.0 18.75 1127.88 1146.63 OK
r-devel-linux-x86_64-debian-gcc 2.5.0 13.14 838.06 851.20 OK
r-devel-linux-x86_64-fedora-clang 2.5.0 959.55 WARN
r-devel-linux-x86_64-fedora-gcc 2.5.0 977.98 WARN
r-devel-windows-ix86+x86_64 2.5.0 24.00 131.00 155.00 OK --no-vignettes
r-patched-linux-x86_64 2.5.0 5.74 1071.66 1077.40 OK
r-patched-solaris-x86 2.5.0 4.30 ERROR
r-release-linux-x86_64 2.5.0 7.63 1051.41 1059.04 OK
r-release-windows-ix86+x86_64 2.5.0 20.00 130.00 150.00 OK --no-vignettes
r-release-osx-x86_64 2.5.0 WARN
r-oldrel-windows-ix86+x86_64 2.5.0 18.00 171.00 189.00 OK --no-vignettes
r-oldrel-osx-x86_64 2.5.0 WARN

Check Details

Version: 2.5.0
Check: whether package can be installed
Result: WARN
    Found the following significant warnings:
     Note: break may be used in wrong context: no loop is visible
Flavors: r-devel-linux-x86_64-fedora-clang, r-devel-linux-x86_64-fedora-gcc

Version: 2.5.0
Check: package dependencies
Result: ERROR
    Package required but not available: ‘OpenMx’
    
    See section ‘The DESCRIPTION file’ in the ‘Writing R Extensions’
    manual.
Flavor: r-patched-solaris-x86

Version: 2.5.0
Check: re-building of vignette outputs
Result: WARN
    Error in re-building vignettes:
     ...
    
     Lowest minimum so far: 4203.3130332814
    
    Solution found
    
    NPSOL optimizer not available - switching to CSOLNP - consider installing OpenMx using command: source('http://openmx.psyc.virginia.edu/getOpenMx.R')
    Running ctsem with 19 parameters
    Warning in has_utility("pdfcrop") :
     pdfcrop not installed or not in PATH
    Unique discreteDRIFT calculations per step required = 5
    Unique discreteCINT calculations per step required = 5
    Unique discreteDIFFUSION calculations per step required = 5
    2 / 2 latent variables required for covariance calculations
    Compiling model, ignore forthcoming warning re number of chains...
    the number of chains is less than 1; sampling not done
    Sampling...
    error occurred during calling the sampler; sampling not done
    error occurred during calling the sampler; sampling not done
    Warning in .local(object, ...) :
     some chains had errors; consider specifying chains = 1 to debug
    here are whatever error messages were returned
    Quitting from lines 294-295 (hierarchical.rnw)
    Error: processing vignette 'hierarchical.rnw' failed with diagnostics:
    argument is of length zero
    Execution halted
Flavor: r-release-osx-x86_64

Version: 2.5.0
Check: re-building of vignette outputs
Result: WARN
    Error in re-building vignettes:
     ...
     input string 707 is invalid in this locale
    Warning in grepl("(Rerun to get|biblatex.*\\(re\\)run)", readLines(log, :
     input string 708 is invalid in this locale
    Warning in grepl("(Rerun to get|biblatex.*\\(re\\)run)", readLines(log, :
     input string 716 is invalid in this locale
    Error in texi2dvi(file = file, pdf = TRUE, clean = clean, quiet = quiet, :
     Running 'texi2dvi' on 'ctsem.tex' failed.
    LaTeX errors:
    ! Undefined control sequence.
    l.15 ...@<be>^^TBZ<98><95><82><c4>E<d6><e2>F<dc>t<9d>^^?A<97>ŝ<9b><ee><cd><da>]w^^Aw<b3><e8>X\^^X
     ^^Y^^LC@<83>:d:<ed><8b>^^U<da>kƚ<e3>[...
    The control sequence at the end of the top line
    of your error message was never \def'ed. If you have
    ! Undefined control sequence.
    l.16 L<97>\<d7>
     -^^V<8b><fc>^^W<85><cd><cd>͛7oR<8f>m<c1>%<a2>m^^X<86>^^G^^G^^Gx^^R<86><e1><d2><d2>^^R<bf><da><d8>ظr<e5>^^J
    The control sequence at the end of the top line
    of your error message was never \def'ed. If you have
    ! Undefined control sequence.
    l.17 ...UU^^Q^^Oy nۧ<8c><92><f5><c0><d7>^^Fj2J<ea><fd><84><8c>=<e7> <84><93><9d>V<ab><a5><aa>j<b9>\<86>
     W<84><ab><94>R<96><cb>e<c7>q^^\<c7><f9>9<c7>x<ac><9c>qp^^N<d7>...
    The control sequence at the end of the top line
    of your error message was never \def'ed. If y
    Calls: buildVignettes -> texi2pdf -> texi2dvi
    Execution halted
Flavor: r-oldrel-osx-x86_64