CRAN Package Check Results for Package ctsem

Last updated on 2018-10-19 06:47:46 CEST.

Flavor Version Tinstall Tcheck Ttotal Status Flags
r-devel-linux-x86_64-debian-clang 2.6.5 625.82 1478.60 2104.42 NOTE
r-devel-linux-x86_64-debian-gcc 2.6.5 355.10 1112.19 1467.29 NOTE
r-devel-linux-x86_64-fedora-clang 2.6.5 2700.84 NOTE
r-devel-linux-x86_64-fedora-gcc 2.6.5 2162.46 NOTE
r-devel-windows-ix86+x86_64 2.6.5 529.00 224.00 753.00 ERROR --no-vignettes
r-patched-linux-x86_64 2.6.5 305.34 1463.62 1768.96 NOTE
r-patched-solaris-x86 2.6.5 86.40 ERROR
r-release-linux-x86_64 2.6.5 392.35 1464.83 1857.18 NOTE
r-release-windows-ix86+x86_64 2.6.5 536.00 353.00 889.00 NOTE --no-vignettes
r-release-osx-x86_64 2.6.5 NOTE
r-oldrel-windows-ix86+x86_64 2.6.5 423.00 305.00 728.00 ERROR --no-vignettes
r-oldrel-osx-x86_64 2.6.5 NOTE

Check Details

Version: 2.6.5
Check: for GNU extensions in Makefiles
Result: NOTE
    GNU make is a SystemRequirements.
Flavors: r-devel-linux-x86_64-debian-clang, r-devel-linux-x86_64-debian-gcc, r-devel-linux-x86_64-fedora-clang, r-devel-linux-x86_64-fedora-gcc, r-patched-linux-x86_64, r-release-linux-x86_64, r-release-osx-x86_64, r-oldrel-osx-x86_64

Version: 2.6.5
Check: installed package size
Result: NOTE
     installed size is 82.4Mb
     sub-directories of 1Mb or more:
     data 5.3Mb
     doc 4.1Mb
     libs 72.1Mb
Flavors: r-devel-linux-x86_64-fedora-clang, r-release-osx-x86_64, r-oldrel-osx-x86_64

Version: 2.6.5
Flags: --no-vignettes
Check: installed package size
Result: NOTE
     installed size is 16.2Mb
     sub-directories of 1Mb or more:
     data 5.3Mb
     doc 4.1Mb
     libs 6.0Mb
Flavors: r-devel-windows-ix86+x86_64, r-release-windows-ix86+x86_64, r-oldrel-windows-ix86+x86_64

Version: 2.6.5
Flags: --no-vignettes
Check: for GNU extensions in Makefiles
Result: NOTE
    GNU make is a SystemRequirements.
Flavors: r-devel-windows-ix86+x86_64, r-release-windows-ix86+x86_64, r-oldrel-windows-ix86+x86_64

Version: 2.6.5
Flags: --no-vignettes
Check: running examples for arch ‘i386’
Result: ERROR
    Running examples in 'ctsem-Ex.R' failed
    The error most likely occurred in:
    
    > ### Name: ctStanParMatrices
    > ### Title: Returns model equation and other matrices from a ctStanFit
    > ### object, and vector of values for free parameters.
    > ### Aliases: ctStanParMatrices
    >
    > ### ** Examples
    >
    > ctStanParMatrices(ctstantestfit,rep(0,17))
Flavors: r-devel-windows-ix86+x86_64, r-oldrel-windows-ix86+x86_64

Version: 2.6.5
Flags: --no-vignettes
Check: running examples for arch ‘x64’
Result: ERROR
    Running examples in 'ctsem-Ex.R' failed
    The error most likely occurred in:
    
    > ### Name: ctPlotArray
    > ### Title: Plots three dimensional y values for quantile plots
    > ### Aliases: ctPlotArray
    >
    > ### ** Examples
    >
    > input<-ctStanTIpredeffects(ctstantestfit, plot=FALSE, whichpars='CINT',
    + nsamples=10,nsubjects=10)
    Calculating time independent predictor effects...
Flavors: r-devel-windows-ix86+x86_64, r-oldrel-windows-ix86+x86_64

Version: 2.6.5
Check: whether package can be installed
Result: ERROR
    Installation failed.
Flavor: r-patched-solaris-x86