Last updated on 2023-12-06 07:50:11 CET.
Flavor | Version | Tinstall | Tcheck | Ttotal | Status | Flags |
---|---|---|---|---|---|---|
r-devel-linux-x86_64-debian-clang | 1.0.5 | 42.61 | 810.01 | 852.62 | OK | |
r-devel-linux-x86_64-debian-gcc | 1.0.5 | 31.91 | 555.27 | 587.18 | OK | |
r-devel-linux-x86_64-fedora-clang | 1.0.6 | 956.93 | OK | |||
r-devel-linux-x86_64-fedora-gcc | 1.0.6 | 969.85 | OK | |||
r-devel-windows-x86_64 | 1.0.6 | 32.00 | 128.00 | 160.00 | OK | --no-vignettes |
r-patched-linux-x86_64 | 1.0.5 | 34.88 | 727.40 | 762.28 | OK | |
r-release-linux-x86_64 | 1.0.5 | 0.41 | 1.87 | 2.28 | ERROR | |
r-release-macos-arm64 | 1.0.5 | 9.00 | ERROR | |||
r-release-macos-x86_64 | 1.0.6 | 494.00 | OK | |||
r-release-windows-x86_64 | 1.0.5 | 35.00 | 254.00 | 289.00 | OK | --no-vignettes |
r-oldrel-macos-arm64 | 1.0.5 | 271.00 | OK | |||
r-oldrel-macos-x86_64 | 1.0.5 | 365.00 | OK | |||
r-oldrel-windows-x86_64 | 1.0.5 | 38.00 | 290.00 | 328.00 | OK | --no-vignettes |
Version: 1.0.5
Check: package dependencies
Result: ERROR
Package required but not available: ‘ctsem’
See section ‘The DESCRIPTION file’ in the ‘Writing R Extensions’
manual.
Flavors: r-release-linux-x86_64, r-release-macos-arm64