CRAN Package Check Results for Package cubar

Last updated on 2024-04-19 10:57:22 CEST.

Flavor Version Tinstall Tcheck Ttotal Status Flags
r-devel-linux-x86_64-debian-clang 0.5.0 6.22 178.15 184.37 OK
r-devel-linux-x86_64-debian-gcc 0.5.0 OK
r-devel-linux-x86_64-fedora-clang 0.5.0 224.05 OK
r-devel-linux-x86_64-fedora-gcc 0.5.0 234.28 OK
r-prerel-macos-arm64 0.5.0 71.00 OK
r-prerel-macos-x86_64 0.5.0 156.00 OK
r-prerel-windows-x86_64 0.5.0 10.00 138.00 148.00 OK
r-patched-linux-x86_64 0.5.0 6.50 169.03 175.53 OK
r-release-linux-x86_64 0.5.0 7.04 169.46 176.50 OK
r-release-macos-arm64 0.5.0 10.00 ERROR
r-release-macos-x86_64 0.5.0 7.00 ERROR
r-release-windows-x86_64 0.5.0 9.00 189.00 198.00 OK
r-oldrel-macos-arm64 0.5.0 11.00 ERROR
r-oldrel-windows-x86_64 0.5.0 11.00 10.00 21.00 ERROR

Check Details

Version: 0.5.0
Check: package dependencies
Result: ERROR Package required and available but unsuitable version: ‘IRanges’ See section ‘The DESCRIPTION file’ in the ‘Writing R Extensions’ manual. Flavors: r-release-macos-arm64, r-release-macos-x86_64, r-oldrel-macos-arm64, r-oldrel-windows-x86_64