CRAN Package Check Results for Package cubature

Last updated on 2019-12-14 18:46:27 CET.

Flavor Version Tinstall Tcheck Ttotal Status Flags
r-devel-linux-x86_64-debian-clang 2.0.4 47.23 231.57 278.80 NOTE
r-devel-linux-x86_64-debian-gcc 2.0.4 28.64 150.84 179.48 NOTE
r-devel-linux-x86_64-fedora-clang 2.0.4 314.99 NOTE
r-devel-linux-x86_64-fedora-gcc 2.0.4 302.42 NOTE
r-devel-windows-ix86+x86_64 2.0.4 124.00 281.00 405.00 NOTE
r-devel-windows-ix86+x86_64-gcc8 2.0.4 84.00 277.00 361.00 WARN
r-patched-linux-x86_64 2.0.4 33.27 196.81 230.08 NOTE
r-patched-solaris-x86 2.0.4 297.30 NOTE
r-release-linux-x86_64 2.0.4 34.38 193.70 228.08 NOTE
r-release-windows-ix86+x86_64 2.0.4 88.00 223.00 311.00 NOTE
r-release-osx-x86_64 2.0.4 NOTE
r-oldrel-windows-ix86+x86_64 2.0.4 76.00 214.00 290.00 NOTE
r-oldrel-osx-x86_64 2.0.4 NOTE

Check Details

Version: 2.0.4
Check: for GNU extensions in Makefiles
Result: NOTE
    GNU make is a SystemRequirements.
Flavors: r-devel-linux-x86_64-debian-clang, r-devel-linux-x86_64-debian-gcc, r-devel-linux-x86_64-fedora-clang, r-devel-linux-x86_64-fedora-gcc, r-devel-windows-ix86+x86_64, r-devel-windows-ix86+x86_64-gcc8, r-patched-linux-x86_64, r-patched-solaris-x86, r-release-linux-x86_64, r-release-windows-ix86+x86_64, r-release-osx-x86_64, r-oldrel-windows-ix86+x86_64, r-oldrel-osx-x86_64

Version: 2.0.4
Check: installed package size
Result: NOTE
     installed size is 6.4Mb
     sub-directories of 1Mb or more:
     doc 1.3Mb
     libs 4.9Mb
Flavors: r-devel-windows-ix86+x86_64, r-devel-windows-ix86+x86_64-gcc8, r-release-windows-ix86+x86_64, r-oldrel-windows-ix86+x86_64

Version: 2.0.4
Check: whether package can be installed
Result: WARN
    Found the following significant warnings:
     ./src/common/Random.c:105:5: warning: 'memcpy' pointer overflow between offset 0 and size [4294967292, 2147483647] [-Warray-bounds]
     ./src/common/Random.c:105:5: warning: 'memcpy' pointer overflow between offset 0 and size [-4, 9223372036854775807] [-Warray-bounds]
Flavor: r-devel-windows-ix86+x86_64-gcc8