CRAN Package Check Results for Package cubature

Last updated on 2019-02-21 01:50:38 CET.

Flavor Version Tinstall Tcheck Ttotal Status Flags
r-devel-linux-x86_64-debian-clang 2.0.3 36.61 201.27 237.88 NOTE
r-devel-linux-x86_64-debian-gcc 2.0.3 27.77 135.85 163.62 NOTE
r-devel-linux-x86_64-fedora-clang 2.0.3 279.64 NOTE
r-devel-linux-x86_64-fedora-gcc 2.0.3 176.25 NOTE
r-devel-windows-ix86+x86_64 2.0.3 88.00 315.00 403.00 NOTE
r-patched-linux-x86_64 2.0.3 NOTE
r-patched-solaris-x86 2.0.3 294.50 NOTE
r-release-linux-x86_64 2.0.3 NOTE
r-release-windows-ix86+x86_64 2.0.3 94.00 296.00 390.00 NOTE
r-release-osx-x86_64 2.0.3 NOTE
r-oldrel-windows-ix86+x86_64 2.0.3 94.00 498.00 592.00 NOTE
r-oldrel-osx-x86_64 2.0.3 NOTE

Check Details

Version: 2.0.3
Check: for GNU extensions in Makefiles
Result: NOTE
    GNU make is a SystemRequirements.
Flavors: r-devel-linux-x86_64-debian-clang, r-devel-linux-x86_64-debian-gcc, r-devel-linux-x86_64-fedora-clang, r-devel-linux-x86_64-fedora-gcc, r-devel-windows-ix86+x86_64, r-patched-linux-x86_64, r-patched-solaris-x86, r-release-linux-x86_64, r-release-windows-ix86+x86_64, r-release-osx-x86_64, r-oldrel-windows-ix86+x86_64, r-oldrel-osx-x86_64

Version: 2.0.3
Check: installed package size
Result: NOTE
     installed size is 6.4Mb
     sub-directories of 1Mb or more:
     doc 1.3Mb
     libs 4.9Mb
Flavors: r-devel-windows-ix86+x86_64, r-release-windows-ix86+x86_64, r-oldrel-windows-ix86+x86_64