CRAN Package Check Results for Package cubature

Last updated on 2018-05-24 18:47:08 CEST.

Flavor Version Tinstall Tcheck Ttotal Status Flags
r-devel-linux-x86_64-debian-clang 1.3-11 29.97 166.43 196.40 OK
r-devel-linux-x86_64-debian-gcc 1.3-11 18.07 137.71 155.78 OK
r-devel-linux-x86_64-fedora-clang 1.3-11 254.91 OK
r-devel-linux-x86_64-fedora-gcc 1.3-11 246.75 OK
r-devel-windows-ix86+x86_64 1.3-11 53.00 252.00 305.00 NOTE
r-patched-linux-x86_64 1.3-11 30.35 185.59 215.94 OK
r-patched-solaris-x86 1.3-11 283.80 OK
r-release-linux-x86_64 1.3-11 28.56 185.71 214.27 OK
r-release-windows-ix86+x86_64 1.3-11 63.00 238.00 301.00 NOTE
r-release-osx-x86_64 1.3-11 OK
r-oldrel-windows-ix86+x86_64 1.3-11 73.00 304.00 377.00 NOTE
r-oldrel-osx-x86_64 1.3-11 OK

Check Details

Version: 1.3-11
Check: installed package size
Result: NOTE
     installed size is 5.4Mb
     sub-directories of 1Mb or more:
     libs 4.5Mb
Flavors: r-devel-windows-ix86+x86_64, r-release-windows-ix86+x86_64, r-oldrel-windows-ix86+x86_64