CRAN Package Check Results for Package cubature

Last updated on 2018-08-19 11:47:46 CEST.

Flavor Version Tinstall Tcheck Ttotal Status Flags
r-devel-linux-x86_64-debian-clang 1.4 29.15 154.06 183.21 NOTE
r-devel-linux-x86_64-debian-gcc 1.4 23.18 116.57 139.75 NOTE
r-devel-linux-x86_64-fedora-clang 1.4 215.94 NOTE
r-devel-linux-x86_64-fedora-gcc 1.4 213.42 NOTE
r-devel-windows-ix86+x86_64 1.4 65.00 322.00 387.00 NOTE
r-patched-linux-x86_64 1.4 32.20 150.69 182.89 NOTE
r-patched-solaris-x86 1.4 234.70 NOTE
r-release-linux-x86_64 1.4 32.96 150.63 183.59 NOTE
r-release-windows-ix86+x86_64 1.4 68.00 310.00 378.00 NOTE
r-release-osx-x86_64 1.4 OK
r-oldrel-windows-ix86+x86_64 1.4 55.00 305.00 360.00 NOTE
r-oldrel-osx-x86_64 1.4 OK

Check Details

Version: 1.4
Check: package dependencies
Result: NOTE
    Package suggested but not available for checking: ‘R2Cuba’
Flavors: r-devel-linux-x86_64-debian-clang, r-devel-linux-x86_64-debian-gcc, r-devel-linux-x86_64-fedora-clang, r-devel-linux-x86_64-fedora-gcc, r-patched-linux-x86_64, r-patched-solaris-x86, r-release-linux-x86_64

Version: 1.4
Check: installed package size
Result: NOTE
     installed size is 5.3Mb
     sub-directories of 1Mb or more:
     libs 4.5Mb
Flavors: r-devel-windows-ix86+x86_64, r-release-windows-ix86+x86_64, r-oldrel-windows-ix86+x86_64