CRAN Package Check Results for Package cubature

Last updated on 2019-09-17 23:47:10 CEST.

Flavor Version Tinstall Tcheck Ttotal Status Flags
r-devel-linux-x86_64-debian-clang 2.0.3 40.46 200.23 240.69 NOTE
r-devel-linux-x86_64-debian-gcc 2.0.3 29.36 137.17 166.53 NOTE
r-devel-linux-x86_64-fedora-clang 2.0.3 283.13 NOTE
r-devel-linux-x86_64-fedora-gcc 2.0.3 279.75 NOTE
r-devel-windows-ix86+x86_64 2.0.3 116.00 300.00 416.00 NOTE
r-patched-linux-x86_64 2.0.3 32.33 190.67 223.00 NOTE
r-patched-solaris-x86 2.0.3 297.30 NOTE
r-release-linux-x86_64 2.0.3 31.95 192.62 224.57 NOTE
r-release-windows-ix86+x86_64 2.0.3 85.00 217.00 302.00 NOTE
r-release-osx-x86_64 2.0.3 NOTE
r-oldrel-windows-ix86+x86_64 2.0.3 111.00 216.00 327.00 NOTE
r-oldrel-osx-x86_64 2.0.3 NOTE

Check Details

Version: 2.0.3
Check: for GNU extensions in Makefiles
Result: NOTE
    GNU make is a SystemRequirements.
Flavors: r-devel-linux-x86_64-debian-clang, r-devel-linux-x86_64-debian-gcc, r-devel-linux-x86_64-fedora-clang, r-devel-linux-x86_64-fedora-gcc, r-devel-windows-ix86+x86_64, r-patched-linux-x86_64, r-patched-solaris-x86, r-release-linux-x86_64, r-release-windows-ix86+x86_64, r-release-osx-x86_64, r-oldrel-windows-ix86+x86_64, r-oldrel-osx-x86_64

Version: 2.0.3
Check: installed package size
Result: NOTE
     installed size is 6.4Mb
     sub-directories of 1Mb or more:
     doc 1.3Mb
     libs 4.9Mb
Flavors: r-devel-windows-ix86+x86_64, r-release-windows-ix86+x86_64, r-oldrel-windows-ix86+x86_64