CRAN Package Check Results for Package cultevo

Last updated on 2019-06-17 10:48:08 CEST.

Flavor Version Tinstall Tcheck Ttotal Status Flags
r-devel-linux-x86_64-debian-clang 1.0.2 2.41 288.50 290.91 OK
r-devel-linux-x86_64-debian-gcc 1.0.2 2.67 223.38 226.05 OK
r-devel-linux-x86_64-fedora-clang 1.0.2 327.44 OK
r-devel-linux-x86_64-fedora-gcc 1.0.2 325.04 OK
r-devel-windows-ix86+x86_64 1.0.2 9.00 382.00 391.00 OK
r-patched-linux-x86_64 1.0.2 3.07 279.81 282.88 OK
r-patched-solaris-x86 1.0.2 683.10 OK
r-release-linux-x86_64 1.0.2 2.99 281.99 284.98 OK
r-release-windows-ix86+x86_64 1.0.2 7.00 387.00 394.00 OK
r-release-osx-x86_64 1.0.2 NOTE
r-oldrel-windows-ix86+x86_64 1.0.2 5.00 50.00 55.00 OK
r-oldrel-osx-x86_64 1.0.2 NOTE

Check Details

Version: 1.0.2
Check: dependencies in R code
Result: NOTE
    Namespace in Imports field not imported from: ‘pspearman’
     All declared Imports should be used.
Flavors: r-release-osx-x86_64, r-oldrel-osx-x86_64