CRAN Package Check Results for Package cumulocityr

Last updated on 2022-12-05 06:51:37 CET.

Flavor Version Tinstall Tcheck Ttotal Status Flags
r-devel-linux-x86_64-debian-clang 0.1.0 2.57 26.90 29.47 NOTE
r-devel-linux-x86_64-debian-gcc 0.1.0 1.95 21.08 23.03 NOTE
r-devel-linux-x86_64-fedora-clang 0.1.0 47.03 NOTE
r-devel-linux-x86_64-fedora-gcc 0.1.0 51.71 NOTE
r-devel-windows-x86_64 0.1.0 23.00 57.00 80.00 NOTE
r-patched-linux-x86_64 0.1.0 2.31 25.93 28.24 NOTE
r-release-linux-x86_64 0.1.0 2.19 25.84 28.03 NOTE
r-release-macos-arm64 0.1.0 14.00 NOTE
r-release-macos-x86_64 0.1.0 22.00 NOTE
r-release-windows-x86_64 0.1.0 14.00 57.00 71.00 NOTE
r-oldrel-macos-arm64 0.1.0 21.00 NOTE
r-oldrel-macos-x86_64 0.1.0 25.00 NOTE
r-oldrel-windows-ix86+x86_64 0.1.0 6.00 53.00 59.00 NOTE

Additional issues

donttest

Check Details

Version: 0.1.0
Check: LazyData
Result: NOTE
     'LazyData' is specified without a 'data' directory
Flavors: r-devel-linux-x86_64-debian-clang, r-devel-linux-x86_64-debian-gcc, r-devel-linux-x86_64-fedora-clang, r-devel-linux-x86_64-fedora-gcc, r-devel-windows-x86_64, r-patched-linux-x86_64, r-release-linux-x86_64, r-release-macos-arm64, r-release-macos-x86_64, r-release-windows-x86_64, r-oldrel-macos-arm64, r-oldrel-macos-x86_64, r-oldrel-windows-ix86+x86_64