CRAN Package Check Results for Package curl

Last updated on 2019-02-18 05:49:16 CET.

Flavor Version Tinstall Tcheck Ttotal Status Flags
r-devel-linux-x86_64-debian-clang 3.3 4.24 32.37 36.61 NOTE
r-devel-linux-x86_64-debian-gcc 3.3 3.69 24.86 28.55 ERROR
r-devel-linux-x86_64-fedora-clang 3.3 44.82 NOTE
r-devel-linux-x86_64-fedora-gcc 3.3 44.56 NOTE
r-devel-windows-ix86+x86_64 3.3 139.00 194.00 333.00 NOTE
r-patched-linux-x86_64 3.3 4.57 31.54 36.11 NOTE
r-patched-solaris-x86 3.3 59.20 NOTE
r-release-linux-x86_64 3.3 NOTE
r-release-windows-ix86+x86_64 3.3 77.00 205.00 282.00 NOTE
r-release-osx-x86_64 3.3 NOTE
r-oldrel-windows-ix86+x86_64 3.3 77.00 212.00 289.00 NOTE
r-oldrel-osx-x86_64 3.3 NOTE

Check Details

Version: 3.3
Check: compiled code
Result: NOTE
    File ‘curl/libs/curl.so’:
     Found non-API call to R: ‘R_new_custom_connection’
    
    Compiled code should not call non-API entry points in R.
    
    See ‘Writing portable packages’ in the ‘Writing R Extensions’ manual.
Flavors: r-devel-linux-x86_64-debian-clang, r-devel-linux-x86_64-debian-gcc, r-devel-linux-x86_64-fedora-clang, r-devel-linux-x86_64-fedora-gcc, r-patched-linux-x86_64, r-patched-solaris-x86, r-release-linux-x86_64, r-release-osx-x86_64, r-oldrel-osx-x86_64

Version: 3.3
Check: examples
Result: ERROR
    Running examples in ‘curl-Ex.R’ failed
    The error most likely occurred in:
    
    > base::assign(".ptime", proc.time(), pos = "CheckExEnv")
    > ### Name: curl_fetch_memory
    > ### Title: Fetch the contents of a URL
    > ### Aliases: curl_fetch_memory curl_fetch_disk curl_fetch_stream
    > ### curl_fetch_multi curl_fetch_echo
    >
    > ### ** Examples
    >
    > # Load in memory
    > res <- curl_fetch_memory("http://httpbin.org/cookies/set?foo=123&bar=ftw")
    Error in curl_fetch_memory("http://httpbin.org/cookies/set?foo=123&bar=ftw") :
     Failed to connect to httpbin.org port 443: Connection timed out
    Execution halted
Flavor: r-devel-linux-x86_64-debian-gcc

Version: 3.3
Check: re-building of vignette outputs
Result: WARN
    Error(s) in re-building vignettes:
     ...
    --- re-building ‘intro.Rmd’ using rmarkdown
    Quitting from lines 45-49 (intro.Rmd)
    Error: processing vignette 'intro.Rmd' failed with diagnostics:
    Could not resolve host: eu.httpbin.org
    --- failed re-building ‘intro.Rmd’
    
    SUMMARY: processing the following file failed:
     ‘intro.Rmd’
    
    Error: Vignette re-building failed.
    Execution halted
Flavor: r-devel-linux-x86_64-debian-gcc

Version: 3.3
Check: installed package size
Result: NOTE
     installed size is 6.5Mb
     sub-directories of 1Mb or more:
     libs 5.5Mb
Flavors: r-devel-windows-ix86+x86_64, r-release-windows-ix86+x86_64, r-oldrel-windows-ix86+x86_64

Version: 3.3
Check: compiled code
Result: NOTE
    File 'curl/libs/i386/curl.dll':
     Found non-API call to R: 'R_new_custom_connection'
    File 'curl/libs/x64/curl.dll':
     Found non-API call to R: 'R_new_custom_connection'
    
    Compiled code should not call non-API entry points in R.
    
    See 'Writing portable packages' in the 'Writing R Extensions' manual.
Flavors: r-devel-windows-ix86+x86_64, r-release-windows-ix86+x86_64, r-oldrel-windows-ix86+x86_64