CRAN Package Check Results for Package curl

Last updated on 2018-08-20 11:48:35 CEST.

Flavor Version Tinstall Tcheck Ttotal Status Flags
r-devel-linux-x86_64-debian-clang 3.2 3.66 34.42 38.08 NOTE
r-devel-linux-x86_64-debian-gcc 3.2 3.61 27.11 30.72 NOTE
r-devel-linux-x86_64-fedora-clang 3.2 43.52 NOTE
r-devel-linux-x86_64-fedora-gcc 3.2 42.65 NOTE
r-devel-windows-ix86+x86_64 3.2 99.00 211.00 310.00 NOTE
r-patched-linux-x86_64 3.2 4.69 33.67 38.36 NOTE
r-patched-solaris-x86 3.2 58.10 NOTE
r-release-linux-x86_64 3.2 3.68 33.74 37.42 ERROR
r-release-windows-ix86+x86_64 3.2 114.00 203.00 317.00 NOTE
r-release-osx-x86_64 3.2 ERROR
r-oldrel-windows-ix86+x86_64 3.2 73.00 211.00 284.00 NOTE
r-oldrel-osx-x86_64 3.2 NOTE

Check Details

Version: 3.2
Check: compiled code
Result: NOTE
    File ‘curl/libs/curl.so’:
     Found non-API call to R: ‘R_new_custom_connection’
    
    Compiled code should not call non-API entry points in R.
    
    See ‘Writing portable packages’ in the ‘Writing R Extensions’ manual.
Flavors: r-devel-linux-x86_64-debian-clang, r-devel-linux-x86_64-debian-gcc, r-devel-linux-x86_64-fedora-clang, r-devel-linux-x86_64-fedora-gcc, r-patched-linux-x86_64, r-patched-solaris-x86, r-release-linux-x86_64, r-release-osx-x86_64, r-oldrel-osx-x86_64

Version: 3.2
Check: installed package size
Result: NOTE
     installed size is 6.5Mb
     sub-directories of 1Mb or more:
     libs 5.5Mb
Flavors: r-devel-windows-ix86+x86_64, r-release-windows-ix86+x86_64, r-oldrel-windows-ix86+x86_64

Version: 3.2
Check: compiled code
Result: NOTE
    File 'curl/libs/i386/curl.dll':
     Found non-API call to R: 'R_new_custom_connection'
    File 'curl/libs/x64/curl.dll':
     Found non-API call to R: 'R_new_custom_connection'
    
    Compiled code should not call non-API entry points in R.
    
    See 'Writing portable packages' in the 'Writing R Extensions' manual.
Flavors: r-devel-windows-ix86+x86_64, r-release-windows-ix86+x86_64, r-oldrel-windows-ix86+x86_64

Version: 3.2
Check: tests
Result: ERROR
     Running ‘spelling.R’ [0s/0s]
     Running ‘testthat.R’ [7s/56s]
    Running the tests in ‘tests/testthat.R’ failed.
    Complete output:
     > library(testthat)
     > library(curl)
     >
     > test_check("curl")
     This is libcurl version 7.61.0 with GnuTLS/3.5.19
     Not using http://hb.opencpu.org: The requested URL returned error: 502 Bad Gateway
     Using test server: https://eu.httpbin.org
     ── 1. Failure: host_con works via and multi_fdset (@test-multi.R#165) ─────────
     multi_fdset(pool = pool)$reads has length 2, not length 3.
    
     ── 2. Failure: host_con works via and multi_fdset (@test-multi.R#165) ─────────
     multi_fdset(pool = pool)$reads has length 1, not length 2.
    
     ── 3. Failure: host_con works via and multi_fdset (@test-multi.R#165) ─────────
     multi_fdset(pool = pool)$reads has length 0, not length 1.
    
     ══ testthat results ═══════════════════════════════════════════════════════════
     OK: 173 SKIPPED: 1 FAILED: 3
     1. Failure: host_con works via and multi_fdset (@test-multi.R#165)
     2. Failure: host_con works via and multi_fdset (@test-multi.R#165)
     3. Failure: host_con works via and multi_fdset (@test-multi.R#165)
    
     Error: testthat unit tests failed
     Execution halted
Flavor: r-release-linux-x86_64

Version: 3.2
Check: examples
Result: ERROR
    Running examples in ‘curl-Ex.R’ failed
    The error most likely occurred in:
    
    > ### Name: curl_echo
    > ### Title: Echo Service
    > ### Aliases: curl_echo
    >
    > ### ** Examples
    >
    > h <- handle_setform(new_handle(), foo = "blabla", bar = charToRaw("test"),
    + myfile = form_file(system.file("DESCRIPTION"), "text/description"))
    > formdata <- curl_echo(h)
    Error in curl_fetch_memory(paste0("http://localhost:", port, "/"), handle = handle) :
     Callback aborted
    Calls: curl_echo -> curl_fetch_memory
    Execution halted
Flavor: r-release-osx-x86_64

Version: 3.2
Check: tests
Result: ERROR
     Running ‘spelling.R’ [1s/2s]
     Comparing ‘spelling.Rout’ to ‘spelling.Rout.save’ ... OK
     Running ‘testthat.R’ [7s/50s]
    Running the tests in ‘tests/testthat.R’ failed.
    Last 13 lines of output:
     >
     > test_check("curl")
     This is libcurl version 7.43.0 with SecureTransport
     Using test server: http://hb.opencpu.org
     ── 1. Error: echo large data (@test-echo.R#7) ─────────────────────────────────
     Callback aborted
     1: curl::curl_echo(handle = handle) at testthat/test-echo.R:7
     2: curl_fetch_memory(paste0("http://localhost:", port, "/"), handle = handle)
    
     ══ testthat results ═══════════════════════════════════════════════════════════
     OK: 175 SKIPPED: 1 FAILED: 1
     1. Error: echo large data (@test-echo.R#7)
    
     Error: testthat unit tests failed
     Execution halted
Flavor: r-release-osx-x86_64