CRAN Package Check Results for Package curl

Last updated on 2018-02-25 01:50:37 CET.

Flavor Version Tinstall Tcheck Ttotal Status Flags
r-devel-linux-x86_64-debian-clang 3.1 4.28 32.03 36.31 NOTE
r-devel-linux-x86_64-debian-gcc 3.1 3.24 27.07 30.31 NOTE
r-devel-linux-x86_64-fedora-clang 3.1 40.11 NOTE
r-devel-linux-x86_64-fedora-gcc 3.1 39.59 NOTE
r-devel-windows-ix86+x86_64 3.1 113.00 196.00 309.00 NOTE
r-patched-linux-x86_64 3.1 2.66 33.48 36.14 NOTE
r-patched-solaris-x86 3.1 53.70 ERROR
r-release-linux-x86_64 3.1 3.29 33.40 36.69 NOTE
r-release-windows-ix86+x86_64 3.1 75.00 202.00 277.00 NOTE
r-release-osx-x86_64 3.1 NOTE
r-oldrel-windows-ix86+x86_64 3.1 79.00 180.00 259.00 NOTE
r-oldrel-osx-x86_64 3.1 OK

Check Details

Version: 3.1
Check: compiled code
Result: NOTE
    File ‘curl/libs/curl.so’:
     Found non-API call to R: ‘R_new_custom_connection’
    
    Compiled code should not call non-API entry points in R.
    
    See ‘Writing portable packages’ in the ‘Writing R Extensions’ manual.
Flavors: r-devel-linux-x86_64-debian-clang, r-devel-linux-x86_64-debian-gcc, r-devel-linux-x86_64-fedora-clang, r-devel-linux-x86_64-fedora-gcc, r-patched-linux-x86_64, r-patched-solaris-x86, r-release-linux-x86_64, r-release-osx-x86_64

Version: 3.1
Check: installed package size
Result: NOTE
     installed size is 7.4Mb
     sub-directories of 1Mb or more:
     libs 6.4Mb
Flavors: r-devel-windows-ix86+x86_64, r-release-windows-ix86+x86_64, r-oldrel-windows-ix86+x86_64

Version: 3.1
Check: compiled code
Result: NOTE
    File 'curl/libs/i386/curl.dll':
     Found non-API call to R: 'R_new_custom_connection'
    File 'curl/libs/x64/curl.dll':
     Found non-API call to R: 'R_new_custom_connection'
    
    Compiled code should not call non-API entry points in R.
    
    See 'Writing portable packages' in the 'Writing R Extensions' manual.
Flavors: r-devel-windows-ix86+x86_64, r-release-windows-ix86+x86_64

Version: 3.1
Check: tests
Result: ERROR
     Running ‘testthat.R’ [6s/328s]
    Running the tests in ‘tests/testthat.R’ failed.
    Complete output:
     > library(testthat)
     > library(curl)
     >
     > test_check("curl")
     This is libcurl version 7.56.1 with OpenSSL/1.0.2m
     Using test server: http://hb.opencpu.org
     ── 1. Failure: Callbacks work (@test-multi.R#61) ──────────────────────────────
     `out` not equal to list(success = 2, error = 0, pending = 0).
     Component "success": Mean absolute difference: 2
     Component "error": Mean relative difference: 1
    
     ── 2. Failure: Callbacks work (@test-multi.R#62) ──────────────────────────────
     `total` not equal to 2.
     1/1 mismatches
     [1] 0 - 2 == -2
    
     ══ testthat results ═══════════════════════════════════════════════════════════
     OK: 169 SKIPPED: 3 FAILED: 2
     1. Failure: Callbacks work (@test-multi.R#61)
     2. Failure: Callbacks work (@test-multi.R#62)
    
     Error: testthat unit tests failed
     Execution halted
Flavor: r-patched-solaris-x86