CRAN Package Check Results for Package cursr

Last updated on 2024-06-13 14:48:55 CEST.

Flavor Version Tinstall Tcheck Ttotal Status Flags
r-devel-linux-x86_64-debian-clang 0.1.0 4.01 43.92 47.93 OK
r-devel-linux-x86_64-debian-gcc 0.1.0 3.07 32.90 35.97 OK
r-devel-linux-x86_64-fedora-clang 0.1.0 60.82 NOTE
r-devel-linux-x86_64-fedora-gcc 0.1.0 70.05 NOTE
r-devel-windows-x86_64 0.1.0 4.00 66.00 70.00 OK
r-patched-linux-x86_64 0.1.0 5.88 41.59 47.47 OK
r-release-linux-x86_64 0.1.0 4.13 42.42 46.55 OK
r-release-macos-arm64 0.1.0 28.00 OK
r-release-macos-x86_64 0.1.0 40.00 OK
r-release-windows-x86_64 0.1.0 4.00 68.00 72.00 OK
r-oldrel-macos-arm64 0.1.0 29.00 OK
r-oldrel-macos-x86_64 0.1.0 41.00 OK
r-oldrel-windows-x86_64 0.1.0 5.00 70.00 75.00 OK

Check Details

Version: 0.1.0
Check: data for non-ASCII characters
Result: NOTE Note: found 459 marked UTF-8 strings Flavors: r-devel-linux-x86_64-fedora-clang, r-devel-linux-x86_64-fedora-gcc