CRAN Package Check Results for Package curveDepth

Last updated on 2024-03-02 14:48:19 CET.

Flavor Version Tinstall Tcheck Ttotal Status Flags
r-devel-linux-x86_64-debian-clang 0.1.0.9 72.13 35.09 107.22 NOTE
r-devel-linux-x86_64-debian-gcc 0.1.0.9 50.08 26.88 76.96 NOTE
r-devel-linux-x86_64-fedora-clang 0.1.0.9 142.03 NOTE
r-devel-linux-x86_64-fedora-gcc 0.1.0.9 141.33 NOTE
r-devel-windows-x86_64 0.1.0.9 49.00 65.00 114.00 NOTE
r-patched-linux-x86_64 0.1.0.9 62.89 34.91 97.80 NOTE
r-release-linux-x86_64 0.1.0.9 65.13 34.12 99.25 NOTE
r-release-macos-arm64 0.1.0.9 37.00 NOTE
r-release-macos-x86_64 0.1.0.9 59.00 NOTE
r-release-windows-x86_64 0.1.0.9 43.00 73.00 116.00 NOTE
r-oldrel-macos-arm64 0.1.0.9 37.00 OK
r-oldrel-windows-x86_64 0.1.0.9 61.00 74.00 135.00 OK

Check Details

Version: 0.1.0.9
Check: C++ specification
Result: NOTE Specified C++11: please drop specification unless essential Flavors: r-devel-linux-x86_64-debian-clang, r-devel-linux-x86_64-debian-gcc, r-devel-linux-x86_64-fedora-clang, r-devel-linux-x86_64-fedora-gcc, r-devel-windows-x86_64, r-patched-linux-x86_64, r-release-linux-x86_64, r-release-macos-arm64, r-release-macos-x86_64, r-release-windows-x86_64