CRAN Package Check Results for Package cutoff

Last updated on 2024-02-26 04:49:24 CET.

Flavor Version Tinstall Tcheck Ttotal Status Flags
r-devel-linux-x86_64-debian-clang 1.3 2.44 33.27 35.71 NOTE
r-devel-linux-x86_64-debian-gcc 1.3 2.39 25.11 27.50 NOTE
r-devel-linux-x86_64-fedora-clang 1.3 43.92 NOTE
r-devel-linux-x86_64-fedora-gcc 1.3 41.95 NOTE
r-devel-windows-x86_64 1.3 4.00 56.00 60.00 NOTE
r-patched-linux-x86_64 1.3 1.91 32.26 34.17 NOTE
r-release-linux-x86_64 1.3 1.83 32.13 33.96 NOTE
r-release-macos-arm64 1.3 20.00 NOTE
r-release-macos-x86_64 1.3 27.00 NOTE
r-release-windows-x86_64 1.3 5.00 50.00 55.00 NOTE
r-oldrel-macos-arm64 1.3 21.00 NOTE
r-oldrel-windows-x86_64 1.3 5.00 55.00 60.00 NOTE

Check Details

Version: 1.3
Check: LazyData
Result: NOTE 'LazyData' is specified without a 'data' directory Flavors: r-devel-linux-x86_64-debian-clang, r-devel-linux-x86_64-debian-gcc, r-devel-linux-x86_64-fedora-clang, r-devel-linux-x86_64-fedora-gcc, r-devel-windows-x86_64, r-patched-linux-x86_64, r-release-linux-x86_64, r-release-macos-arm64, r-release-macos-x86_64, r-release-windows-x86_64, r-oldrel-macos-arm64, r-oldrel-windows-x86_64