CRAN Package Check Results for Package cutpointr

Last updated on 2022-06-30 12:55:08 CEST.

Flavor Version Tinstall Tcheck Ttotal Status Flags
r-devel-linux-x86_64-debian-clang 1.1.2 52.76 378.50 431.26 NOTE
r-devel-linux-x86_64-debian-gcc 1.1.2 40.54 275.26 315.80 NOTE
r-devel-linux-x86_64-fedora-clang 1.1.2 512.50 NOTE
r-devel-linux-x86_64-fedora-gcc 1.1.2 499.80 NOTE
r-devel-windows-x86_64 1.1.2 168.00 513.00 681.00 NOTE
r-patched-linux-x86_64 1.1.2 46.13 354.08 400.21 OK
r-release-linux-x86_64 1.1.2 43.58 346.94 390.52 OK
r-release-macos-arm64 1.1.2 181.00 OK
r-release-macos-x86_64 1.1.2 236.00 OK
r-release-windows-x86_64 1.1.2 147.00 511.00 658.00 OK
r-oldrel-macos-arm64 1.1.2 146.00 OK
r-oldrel-macos-x86_64 1.1.2 215.00 OK
r-oldrel-windows-ix86+x86_64 1.1.2 130.00 745.00 875.00 OK

Check Details

Version: 1.1.2
Check: Rd files
Result: NOTE
    checkRd: (-1) abs_d_ppv_npv.Rd:27: Escaped LaTeX specials: \_ \_ \_
Flavors: r-devel-linux-x86_64-debian-clang, r-devel-linux-x86_64-debian-gcc, r-devel-linux-x86_64-fedora-clang, r-devel-linux-x86_64-fedora-gcc, r-devel-windows-x86_64