CRAN Package Check Results for Package cvTools

Last updated on 2020-05-29 17:49:02 CEST.

Flavor Version Tinstall Tcheck Ttotal Status Flags
r-devel-linux-x86_64-debian-clang 0.3.2 4.42 125.65 130.07 NOTE
r-devel-linux-x86_64-debian-gcc 0.3.2 3.73 94.16 97.89 NOTE
r-devel-linux-x86_64-fedora-clang 0.3.2 140.51 NOTE
r-devel-linux-x86_64-fedora-gcc 0.3.2 138.81 NOTE
r-devel-windows-ix86+x86_64 0.3.2 14.00 127.00 141.00 NOTE
r-patched-linux-x86_64 0.3.2 4.06 122.51 126.57 NOTE
r-patched-solaris-x86 0.3.2 198.20 NOTE
r-release-linux-x86_64 0.3.2 4.14 124.53 128.67 NOTE
r-release-osx-x86_64 0.3.2 NOTE
r-release-windows-ix86+x86_64 0.3.2 8.00 155.00 163.00 NOTE
r-oldrel-osx-x86_64 0.3.2 NOTE
r-oldrel-windows-ix86+x86_64 0.3.2 11.00 123.00 134.00 NOTE

Check Details

Version: 0.3.2
Check: DESCRIPTION meta-information
Result: NOTE
    Packages listed in more than one of Depends, Imports, Suggests, Enhances:
     'lattice' 'robustbase'
    A package should be listed in only one of these fields.
Flavors: r-devel-linux-x86_64-debian-clang, r-devel-linux-x86_64-debian-gcc, r-devel-linux-x86_64-fedora-clang, r-devel-linux-x86_64-fedora-gcc, r-devel-windows-ix86+x86_64, r-patched-linux-x86_64, r-patched-solaris-x86, r-release-linux-x86_64, r-release-osx-x86_64, r-release-windows-ix86+x86_64, r-oldrel-osx-x86_64, r-oldrel-windows-ix86+x86_64