CRAN Package Check Results for Package cvap

Last updated on 2022-08-12 03:53:24 CEST.

Flavor Version Tinstall Tcheck Ttotal Status Flags
r-devel-linux-x86_64-debian-clang 0.1.1 3.24 41.85 45.09 OK
r-devel-linux-x86_64-debian-gcc 0.1.1 3.06 32.65 35.71 OK
r-devel-linux-x86_64-fedora-clang 0.1.1 63.82 NOTE
r-devel-linux-x86_64-fedora-gcc 0.1.1 62.83 NOTE
r-devel-windows-x86_64 0.1.1 12.00 69.00 81.00 OK
r-patched-linux-x86_64 0.1.1 3.52 40.39 43.91 OK
r-release-linux-x86_64 0.1.1 2.50 40.43 42.93 OK
r-release-macos-arm64 0.1.1 22.00 NOTE
r-release-macos-x86_64 0.1.1 37.00 NOTE
r-release-windows-x86_64 0.1.1 12.00 72.00 84.00 OK
r-oldrel-macos-arm64 0.1.1 26.00 NOTE
r-oldrel-macos-x86_64 0.1.1 34.00 NOTE
r-oldrel-windows-ix86+x86_64 0.1.1 10.00 64.00 74.00 OK

Check Details

Version: 0.1.1
Check: dependencies in R code
Result: NOTE
    Namespace in Imports field not imported from: ‘purrr’
     All declared Imports should be used.
Flavors: r-devel-linux-x86_64-fedora-clang, r-devel-linux-x86_64-fedora-gcc, r-release-macos-arm64, r-release-macos-x86_64, r-oldrel-macos-arm64, r-oldrel-macos-x86_64