Last updated on 2023-09-25 14:00:57 CEST.
Flavor | Version | Tinstall | Tcheck | Ttotal | Status | Flags |
---|---|---|---|---|---|---|
r-devel-linux-x86_64-debian-clang | 0.2.0 | 1.81 | 51.85 | 53.66 | NOTE | |
r-devel-linux-x86_64-debian-gcc | 0.2.0 | 1.89 | 37.34 | 39.23 | NOTE | |
r-devel-linux-x86_64-fedora-clang | 0.2.0 | 66.39 | NOTE | |||
r-devel-linux-x86_64-fedora-gcc | 0.2.0 | 78.62 | NOTE | |||
r-devel-windows-x86_64 | 0.2.0 | 3.00 | 57.00 | 60.00 | NOTE | |
r-patched-linux-x86_64 | 0.2.0 | 2.59 | 50.36 | 52.95 | NOTE | |
r-release-linux-x86_64 | 0.2.0 | 1.51 | 51.02 | 52.53 | NOTE | |
r-release-macos-arm64 | 0.2.0 | 29.00 | NOTE | |||
r-release-macos-x86_64 | 0.2.0 | 44.00 | NOTE | |||
r-release-windows-x86_64 | 0.2.0 | 3.00 | 64.00 | 67.00 | NOTE | |
r-oldrel-macos-arm64 | 0.2.0 | 24.00 | NOTE | |||
r-oldrel-macos-x86_64 | 0.2.0 | 32.00 | NOTE | |||
r-oldrel-windows-x86_64 | 0.2.0 | 5.00 | 66.00 | 71.00 | NOTE |
Version: 0.2.0
Check: LazyData
Result: NOTE
'LazyData' is specified without a 'data' directory
Flavors: r-devel-linux-x86_64-debian-clang, r-devel-linux-x86_64-debian-gcc, r-devel-linux-x86_64-fedora-clang, r-devel-linux-x86_64-fedora-gcc, r-devel-windows-x86_64, r-patched-linux-x86_64, r-release-linux-x86_64, r-release-macos-arm64, r-release-macos-x86_64, r-release-windows-x86_64, r-oldrel-macos-arm64, r-oldrel-macos-x86_64, r-oldrel-windows-x86_64