CRAN Package Check Results for Package cvequality

Last updated on 2022-12-03 09:53:32 CET.

Flavor Version Tinstall Tcheck Ttotal Status Flags
r-devel-linux-x86_64-debian-clang 0.2.0 2.33 53.84 56.17 NOTE
r-devel-linux-x86_64-debian-gcc 0.2.0 1.80 38.63 40.43 NOTE
r-devel-linux-x86_64-fedora-clang 0.2.0 79.00 NOTE
r-devel-linux-x86_64-fedora-gcc 0.2.0 83.01 NOTE
r-devel-windows-x86_64 0.2.0 19.00 76.00 95.00 NOTE
r-patched-linux-x86_64 0.2.0 2.11 49.55 51.66 NOTE
r-release-linux-x86_64 0.2.0 2.02 49.32 51.34 NOTE
r-release-macos-arm64 0.2.0 23.00 NOTE
r-release-macos-x86_64 0.2.0 32.00 NOTE
r-release-windows-x86_64 0.2.0 18.00 84.00 102.00 NOTE
r-oldrel-macos-arm64 0.2.0 28.00 NOTE
r-oldrel-macos-x86_64 0.2.0 40.00 NOTE
r-oldrel-windows-ix86+x86_64 0.2.0 6.00 80.00 86.00 NOTE

Check Details

Version: 0.2.0
Check: LazyData
Result: NOTE
     'LazyData' is specified without a 'data' directory
Flavors: r-devel-linux-x86_64-debian-clang, r-devel-linux-x86_64-debian-gcc, r-devel-linux-x86_64-fedora-clang, r-devel-linux-x86_64-fedora-gcc, r-devel-windows-x86_64, r-patched-linux-x86_64, r-release-linux-x86_64, r-release-macos-arm64, r-release-macos-x86_64, r-release-windows-x86_64, r-oldrel-macos-arm64, r-oldrel-macos-x86_64, r-oldrel-windows-ix86+x86_64