Last updated on 2021-02-26 04:47:57 CET.
Flavor | Version | Tinstall | Tcheck | Ttotal | Status | Flags |
---|---|---|---|---|---|---|
r-devel-linux-x86_64-debian-clang | 1.2.1 | 16.97 | 425.59 | 442.56 | OK | |
r-devel-linux-x86_64-debian-gcc | 1.2.1 | 15.53 | 320.48 | 336.01 | OK | |
r-devel-linux-x86_64-fedora-clang | 1.2.1 | 540.08 | OK | |||
r-devel-linux-x86_64-fedora-gcc | 1.2.1 | 502.20 | OK | |||
r-devel-windows-ix86+x86_64 | 1.2.0 | 26.00 | 349.00 | 375.00 | OK | |
r-patched-linux-x86_64 | 1.2.1 | 16.26 | 430.36 | 446.62 | OK | |
r-patched-solaris-x86 | 1.2.1 | 616.40 | NOTE | |||
r-release-linux-x86_64 | 1.2.1 | 15.46 | 429.30 | 444.76 | OK | |
r-release-macos-x86_64 | 1.2.1 | OK | ||||
r-release-windows-ix86+x86_64 | 1.2.0 | 34.00 | 528.00 | 562.00 | OK | |
r-oldrel-macos-x86_64 | 1.2.1 | OK | ||||
r-oldrel-windows-ix86+x86_64 | 1.2.0 | 22.00 | 492.00 | 514.00 | OK |
Version: 1.2.1
Check: package dependencies
Result: NOTE
Package suggested but not available for checking: ‘rsvg’
Flavor: r-patched-solaris-x86