CRAN Package Check Results for Package cvxbiclustr

Last updated on 2019-02-16 19:47:22 CET.

Flavor Version Tinstall Tcheck Ttotal Status Flags
r-devel-linux-x86_64-debian-clang 0.0.1 7.35 59.79 67.14 OK
r-devel-linux-x86_64-debian-gcc 0.0.1 4.76 47.64 52.40 OK
r-devel-linux-x86_64-fedora-clang 0.0.1 81.28 NOTE
r-devel-linux-x86_64-fedora-gcc 0.0.1 75.86 NOTE
r-devel-windows-ix86+x86_64 0.0.1 26.00 121.00 147.00 OK
r-patched-linux-x86_64 0.0.1 6.27 57.32 63.59 OK
r-patched-solaris-x86 0.0.1 122.70 OK
r-release-linux-x86_64 0.0.1 OK
r-release-windows-ix86+x86_64 0.0.1 12.00 120.00 132.00 OK
r-release-osx-x86_64 0.0.1 OK
r-oldrel-windows-ix86+x86_64 0.0.1 18.00 128.00 146.00 OK
r-oldrel-osx-x86_64 0.0.1 OK

Check Details

Version: 0.0.1
Check: compiled code
Result: NOTE
    File ‘cvxbiclustr/libs/cvxbiclustr.so’:
     Found no calls to: ‘R_registerRoutines’, ‘R_useDynamicSymbols’
    
    It is good practice to register native routines and to disable symbol
    search.
    
    See ‘Writing portable packages’ in the ‘Writing R Extensions’ manual.
Flavors: r-devel-linux-x86_64-fedora-clang, r-devel-linux-x86_64-fedora-gcc