CRAN Package Check Results for Package cvxbiclustr

Last updated on 2018-11-18 11:50:44 CET.

Flavor Version Tinstall Tcheck Ttotal Status Flags
r-devel-linux-x86_64-debian-clang 0.0.1 6.59 59.43 66.02 OK
r-devel-linux-x86_64-debian-gcc 0.0.1 4.96 47.93 52.89 OK
r-devel-linux-x86_64-fedora-clang 0.0.1 77.90 NOTE
r-devel-linux-x86_64-fedora-gcc 0.0.1 74.13 NOTE
r-devel-windows-ix86+x86_64 0.0.1 15.00 89.00 104.00 OK
r-patched-linux-x86_64 0.0.1 5.04 57.31 62.35 OK
r-patched-solaris-x86 0.0.1 126.80 OK
r-release-linux-x86_64 0.0.1 5.06 56.56 61.62 OK
r-release-windows-ix86+x86_64 0.0.1 16.00 119.00 135.00 OK
r-release-osx-x86_64 0.0.1 OK
r-oldrel-windows-ix86+x86_64 0.0.1 17.00 155.00 172.00 OK
r-oldrel-osx-x86_64 0.0.1 OK

Check Details

Version: 0.0.1
Check: compiled code
Result: NOTE
    File ‘cvxbiclustr/libs/cvxbiclustr.so’:
     Found no calls to: ‘R_registerRoutines’, ‘R_useDynamicSymbols’
    
    It is good practice to register native routines and to disable symbol
    search.
    
    See ‘Writing portable packages’ in the ‘Writing R Extensions’ manual.
Flavors: r-devel-linux-x86_64-fedora-clang, r-devel-linux-x86_64-fedora-gcc