CRAN Package Check Results for Package cvxbiclustr

Last updated on 2018-05-23 09:47:01 CEST.

Flavor Version Tinstall Tcheck Ttotal Status Flags
r-devel-linux-x86_64-debian-clang 0.0.1 5.53 65.70 71.23 NOTE
r-devel-linux-x86_64-debian-gcc 0.0.1 5.52 50.90 56.42 NOTE
r-devel-linux-x86_64-fedora-clang 0.0.1 86.55 NOTE
r-devel-linux-x86_64-fedora-gcc 0.0.1 82.53 NOTE
r-devel-windows-ix86+x86_64 0.0.1 15.00 127.00 142.00 OK
r-patched-linux-x86_64 0.0.1 6.03 56.31 62.34 NOTE
r-patched-solaris-x86 0.0.1 124.20 OK
r-release-linux-x86_64 0.0.1 6.01 55.98 61.99 NOTE
r-release-windows-ix86+x86_64 0.0.1 17.00 90.00 107.00 OK
r-release-osx-x86_64 0.0.1 OK
r-oldrel-windows-ix86+x86_64 0.0.1 18.00 90.00 108.00 OK
r-oldrel-osx-x86_64 0.0.1 OK

Check Details

Version: 0.0.1
Check: compiled code
Result: NOTE
    File ‘cvxbiclustr/libs/cvxbiclustr.so’:
     Found no calls to: ‘R_registerRoutines’, ‘R_useDynamicSymbols’
    
    It is good practice to register native routines and to disable symbol
    search.
    
    See ‘Writing portable packages’ in the ‘Writing R Extensions’ manual.
Flavors: r-devel-linux-x86_64-debian-clang, r-devel-linux-x86_64-debian-gcc, r-devel-linux-x86_64-fedora-clang, r-devel-linux-x86_64-fedora-gcc, r-patched-linux-x86_64, r-release-linux-x86_64