CRAN Package Check Results for Package cvxbiclustr

Last updated on 2018-02-24 23:48:51 CET.

Flavor Version Tinstall Tcheck Ttotal Status Flags
r-devel-linux-x86_64-debian-clang 0.0.1 6.59 56.70 63.29 NOTE
r-devel-linux-x86_64-debian-gcc 0.0.1 4.54 45.26 49.80 NOTE
r-devel-linux-x86_64-fedora-clang 0.0.1 74.33 NOTE
r-devel-linux-x86_64-fedora-gcc 0.0.1 73.29 NOTE
r-devel-windows-ix86+x86_64 0.0.1 14.00 113.00 127.00 OK
r-patched-linux-x86_64 0.0.1 4.23 57.55 61.78 NOTE
r-patched-solaris-x86 0.0.1 121.40 OK
r-release-linux-x86_64 0.0.1 4.53 57.04 61.57 NOTE
r-release-windows-ix86+x86_64 0.0.1 19.00 116.00 135.00 OK
r-release-osx-x86_64 0.0.1 OK
r-oldrel-windows-ix86+x86_64 0.0.1 11.00 109.00 120.00 OK
r-oldrel-osx-x86_64 0.0.1 OK

Check Details

Version: 0.0.1
Check: compiled code
Result: NOTE
    File ‘cvxbiclustr/libs/cvxbiclustr.so’:
     Found no calls to: ‘R_registerRoutines’, ‘R_useDynamicSymbols’
    
    It is good practice to register native routines and to disable symbol
    search.
    
    See ‘Writing portable packages’ in the ‘Writing R Extensions’ manual.
Flavors: r-devel-linux-x86_64-debian-clang, r-devel-linux-x86_64-debian-gcc, r-devel-linux-x86_64-fedora-clang, r-devel-linux-x86_64-fedora-gcc, r-patched-linux-x86_64, r-release-linux-x86_64