CRAN Package Check Results for Package cwbtools

Last updated on 2021-04-23 10:48:19 CEST.

Flavor Version Tinstall Tcheck Ttotal Status Flags
r-devel-linux-x86_64-debian-clang 0.3.3 7.13 77.29 84.42 NOTE
r-devel-linux-x86_64-debian-gcc 0.3.3 5.95 58.63 64.58 NOTE
r-devel-linux-x86_64-fedora-clang 0.3.3 108.24 NOTE
r-devel-linux-x86_64-fedora-gcc 0.3.3 97.28 NOTE
r-devel-windows-ix86+x86_64 0.3.3 14.00 109.00 123.00 NOTE
r-devel-windows-x86_64-gcc10-UCRT 0.3.3 ERROR
r-patched-linux-x86_64 0.3.3 6.91 72.25 79.16 NOTE
r-patched-solaris-x86 0.3.3 145.70 OK
r-release-linux-x86_64 0.3.3 6.45 72.31 78.76 OK
r-release-macos-x86_64 0.3.3 OK
r-release-windows-ix86+x86_64 0.3.3 14.00 85.00 99.00 OK
r-oldrel-macos-x86_64 0.3.3 OK
r-oldrel-windows-ix86+x86_64 0.3.3 23.00 106.00 129.00 OK

Additional issues

M1mac

Check Details

Version: 0.3.3
Check: LazyData
Result: NOTE
     'LazyData' is specified without a 'data' directory
Flavors: r-devel-linux-x86_64-debian-clang, r-devel-linux-x86_64-debian-gcc, r-devel-linux-x86_64-fedora-clang, r-devel-linux-x86_64-fedora-gcc, r-devel-windows-ix86+x86_64, r-patched-linux-x86_64

Version: 0.3.3
Check: package dependencies
Result: ERROR
    Package required but not available: 'RcppCWB'
    
    See section 'The DESCRIPTION file' in the 'Writing R Extensions'
    manual.
Flavor: r-devel-windows-x86_64-gcc10-UCRT