CRAN Package Check Results for Package cycleRtools

Last updated on 2019-02-16 13:46:16 CET.

Flavor Version Tinstall Tcheck Ttotal Status Flags
r-devel-linux-x86_64-debian-clang 1.1.1 54.11 45.78 99.89 OK
r-devel-linux-x86_64-debian-gcc 1.1.1 34.32 35.56 69.88 OK
r-devel-linux-x86_64-fedora-clang 1.1.1 133.06 NOTE
r-devel-linux-x86_64-fedora-gcc 1.1.1 116.76 NOTE
r-devel-windows-ix86+x86_64 1.1.1 147.00 97.00 244.00 OK
r-patched-linux-x86_64 1.1.1 43.81 42.53 86.34 OK
r-patched-solaris-x86 1.1.1 117.80 WARN
r-release-linux-x86_64 1.1.1 OK
r-release-windows-ix86+x86_64 1.1.1 73.00 71.00 144.00 OK
r-release-osx-x86_64 1.1.1 WARN
r-oldrel-windows-ix86+x86_64 1.1.1 108.00 100.00 208.00 OK
r-oldrel-osx-x86_64 1.1.1 WARN

Check Details

Version: 1.1.1
Check: compiled code
Result: NOTE
    File ‘cycleRtools/libs/cycleRtools.so’:
     Found no calls to: ‘R_registerRoutines’, ‘R_useDynamicSymbols’
    
    It is good practice to register native routines and to disable symbol
    search.
    
    See ‘Writing portable packages’ in the ‘Writing R Extensions’ manual.
Flavors: r-devel-linux-x86_64-fedora-clang, r-devel-linux-x86_64-fedora-gcc

Version: 1.1.1
Check: re-building of vignette outputs
Result: WARN
    Error in re-building vignettes:
     ...
    Warning in engine$weave(file, quiet = quiet, encoding = enc) :
     Pandoc (>= 1.12.3) and/or pandoc-citeproc not available. Falling back to R Markdown v1.
    Quitting from lines 177-179 (cycling_data_analysis.Rmd)
    Error: processing vignette 'cycling_data_analysis.Rmd' failed with diagnostics:
    there is no package called 'webshot'
    Execution halted
Flavor: r-patched-solaris-x86

Version: 1.1.1
Check: re-building of vignette outputs
Result: WARN
    Error in re-building vignettes:
     ...
    Warning in engine$weave(file, quiet = quiet, encoding = enc) :
     Pandoc (>= 1.12.3) and/or pandoc-citeproc not available. Falling back to R Markdown v1.
    Quitting from lines 177-179 (cycling_data_analysis.Rmd)
    Error: processing vignette 'cycling_data_analysis.Rmd' failed with diagnostics:
    cannot open the connection
    Execution halted
Flavors: r-release-osx-x86_64, r-oldrel-osx-x86_64