CRAN Package Check Results for Package cycleRtools

Last updated on 2018-02-21 14:49:34 CET.

Flavor Version Tinstall Tcheck Ttotal Status Flags
r-devel-linux-x86_64-debian-clang 1.1.1 38.46 41.64 80.10 NOTE
r-devel-linux-x86_64-debian-gcc 1.1.1 29.90 32.95 62.85 NOTE
r-devel-linux-x86_64-fedora-clang 1.1.1 116.37 NOTE
r-devel-linux-x86_64-fedora-gcc 1.1.1 98.78 NOTE
r-devel-windows-ix86+x86_64 1.1.1 78.00 69.00 147.00 OK
r-patched-linux-x86_64 1.1.1 34.43 45.86 80.29 NOTE
r-patched-solaris-x86 1.1.1 114.70 WARN
r-release-linux-x86_64 1.1.1 38.77 45.66 84.43 NOTE
r-release-windows-ix86+x86_64 1.1.1 118.00 96.00 214.00 OK
r-release-osx-x86_64 1.1.1 WARN
r-oldrel-windows-ix86+x86_64 1.1.1 87.00 68.00 155.00 OK
r-oldrel-osx-x86_64 1.1.1 OK

Check Details

Version: 1.1.1
Check: compiled code
Result: NOTE
    File ‘cycleRtools/libs/cycleRtools.so’:
     Found no calls to: ‘R_registerRoutines’, ‘R_useDynamicSymbols’
    
    It is good practice to register native routines and to disable symbol
    search.
    
    See ‘Writing portable packages’ in the ‘Writing R Extensions’ manual.
Flavors: r-devel-linux-x86_64-debian-clang, r-devel-linux-x86_64-debian-gcc, r-devel-linux-x86_64-fedora-clang, r-devel-linux-x86_64-fedora-gcc, r-patched-linux-x86_64, r-release-linux-x86_64

Version: 1.1.1
Check: re-building of vignette outputs
Result: WARN
    Error in re-building vignettes:
     ...
    Warning in engine$weave(file, quiet = quiet, encoding = enc) :
     Pandoc (>= 1.12.3) and/or pandoc-citeproc not available. Falling back to R Markdown v1.
    Quitting from lines 177-179 (cycling_data_analysis.Rmd)
    Error: processing vignette 'cycling_data_analysis.Rmd' failed with diagnostics:
    cannot open the connection
    Execution halted
Flavors: r-patched-solaris-x86, r-release-osx-x86_64