CRAN Package Check Results for Package cyclomort

Last updated on 2022-08-15 04:50:13 CEST.

Flavor Version Tinstall Tcheck Ttotal Status Flags
r-devel-linux-x86_64-debian-clang 1.0.2 12.94 224.58 237.52 NOTE
r-devel-linux-x86_64-debian-gcc 1.0.2 10.83 162.59 173.42 NOTE
r-devel-linux-x86_64-fedora-clang 1.0.2 308.02 NOTE
r-devel-linux-x86_64-fedora-gcc 1.0.2 302.93 NOTE
r-devel-windows-x86_64 1.0.2 33.00 237.00 270.00 NOTE
r-patched-linux-x86_64 1.0.2 12.82 206.65 219.47 OK
r-release-linux-x86_64 1.0.2 11.43 210.81 222.24 OK
r-release-macos-arm64 1.0.2 75.00 OK
r-release-macos-x86_64 1.0.2 163.00 OK
r-release-windows-x86_64 1.0.2 29.00 239.00 268.00 OK
r-oldrel-macos-arm64 1.0.2 112.00 OK
r-oldrel-macos-x86_64 1.0.2 173.00 OK
r-oldrel-windows-ix86+x86_64 1.0.2 30.00 250.00 280.00 OK

Check Details

Version: 1.0.2
Check: package subdirectories
Result: NOTE
    Problems with news in 'NEWS.md':
    No news entries found.
Flavors: r-devel-linux-x86_64-debian-clang, r-devel-linux-x86_64-debian-gcc, r-devel-linux-x86_64-fedora-clang, r-devel-linux-x86_64-fedora-gcc, r-devel-windows-x86_64