CRAN Package Check Results for Package cytominer

Last updated on 2018-05-22 15:48:29 CEST.

Flavor Version Tinstall Tcheck Ttotal Status Flags
r-devel-linux-x86_64-debian-clang 0.1.0 1.57 201.87 203.44 OK
r-devel-linux-x86_64-debian-gcc 0.1.0 1.16 139.78 140.94 OK
r-devel-linux-x86_64-fedora-clang 0.1.0 217.70 OK
r-devel-linux-x86_64-fedora-gcc 0.1.0 213.43 OK
r-devel-windows-ix86+x86_64 0.1.0 4.00 112.00 116.00 OK
r-patched-linux-x86_64 0.1.0 1.04 181.30 182.34 NOTE
r-patched-solaris-x86 0.1.0 271.40 OK
r-release-linux-x86_64 0.1.0 1.58 180.01 181.59 NOTE
r-release-windows-ix86+x86_64 0.1.0 4.00 74.00 78.00 OK
r-release-osx-x86_64 0.1.0 OK
r-oldrel-windows-ix86+x86_64 0.1.0 7.00 92.00 99.00 OK
r-oldrel-osx-x86_64 0.1.0 OK

Check Details

Version: 0.1.0
Check: DESCRIPTION meta-information
Result: NOTE
    Dependence on R version ‘3.3.3’ not with patchlevel 0
Flavors: r-patched-linux-x86_64, r-release-linux-x86_64