CRAN Package Check Results for Package d3Tree

Last updated on 2018-08-16 16:52:25 CEST.

Flavor Version Tinstall Tcheck Ttotal Status Flags
r-devel-linux-x86_64-debian-clang 0.2.0 2.86 32.84 35.70 OK
r-devel-linux-x86_64-debian-gcc 0.2.0 1.93 25.17 27.10 OK
r-devel-linux-x86_64-fedora-clang 0.2.0 39.79 NOTE
r-devel-linux-x86_64-fedora-gcc 0.2.0 37.96 NOTE
r-devel-windows-ix86+x86_64 0.2.0 8.00 61.00 69.00 OK
r-patched-linux-x86_64 0.2.0 2.30 28.04 30.34 OK
r-patched-solaris-x86 0.2.0 60.40 NOTE
r-release-linux-x86_64 0.2.0 2.23 27.93 30.16 OK
r-release-windows-ix86+x86_64 0.2.0 10.00 62.00 72.00 OK
r-release-osx-x86_64 0.2.0 NOTE
r-oldrel-windows-ix86+x86_64 0.2.0 10.00 38.00 48.00 OK
r-oldrel-osx-x86_64 0.2.0 NOTE

Check Details

Version: 0.2.0
Check: dependencies in R code
Result: NOTE
    Namespace in Imports field not imported from: ‘magrittr’
     All declared Imports should be used.
Flavors: r-devel-linux-x86_64-fedora-clang, r-devel-linux-x86_64-fedora-gcc, r-patched-solaris-x86, r-release-osx-x86_64, r-oldrel-osx-x86_64