CRAN Package Check Results for Package d3Tree

Last updated on 2018-10-17 08:48:08 CEST.

Flavor Version Tinstall Tcheck Ttotal Status Flags
r-devel-linux-x86_64-debian-clang 0.2.0 2.53 33.03 35.56 OK
r-devel-linux-x86_64-debian-gcc 0.2.0 2.36 26.37 28.73 OK
r-devel-linux-x86_64-fedora-clang 0.2.0 41.10 NOTE
r-devel-linux-x86_64-fedora-gcc 0.2.0 38.75 NOTE
r-devel-windows-ix86+x86_64 0.2.0 8.00 70.00 78.00 OK
r-patched-linux-x86_64 0.2.0 2.51 28.39 30.90 OK
r-patched-solaris-x86 0.2.0 60.50 NOTE
r-release-linux-x86_64 0.2.0 1.87 28.45 30.32 OK
r-release-windows-ix86+x86_64 0.2.0 6.00 62.00 68.00 OK
r-release-osx-x86_64 0.2.0 NOTE
r-oldrel-windows-ix86+x86_64 0.2.0 10.00 57.00 67.00 OK
r-oldrel-osx-x86_64 0.2.0 NOTE

Check Details

Version: 0.2.0
Check: dependencies in R code
Result: NOTE
    Namespace in Imports field not imported from: ‘magrittr’
     All declared Imports should be used.
Flavors: r-devel-linux-x86_64-fedora-clang, r-devel-linux-x86_64-fedora-gcc, r-patched-solaris-x86, r-release-osx-x86_64, r-oldrel-osx-x86_64