CRAN Package Check Results for Package d3Tree

Last updated on 2018-02-20 01:47:21 CET.

Flavor Version Tinstall Tcheck Ttotal Status Flags
r-devel-linux-x86_64-debian-clang 0.2.0 2.02 22.96 24.98 OK
r-devel-linux-x86_64-debian-gcc 0.2.0 1.60 21.08 22.68 OK
r-devel-linux-x86_64-fedora-clang 0.2.0 33.30 NOTE
r-devel-linux-x86_64-fedora-gcc 0.2.0 33.91 NOTE
r-devel-windows-ix86+x86_64 0.2.0 4.00 44.00 48.00 OK
r-patched-linux-x86_64 0.2.0 1.36 25.83 27.19 OK
r-patched-solaris-x86 0.2.0 49.00 NOTE
r-release-linux-x86_64 0.2.0 1.91 25.50 27.41 OK
r-release-windows-ix86+x86_64 0.2.0 7.00 61.00 68.00 OK
r-release-osx-x86_64 0.2.0 NOTE
r-oldrel-windows-ix86+x86_64 0.2.0 8.00 47.00 55.00 OK
r-oldrel-osx-x86_64 0.2.0 NOTE

Check Details

Version: 0.2.0
Check: dependencies in R code
Result: NOTE
    Namespace in Imports field not imported from: ‘magrittr’
     All declared Imports should be used.
Flavors: r-devel-linux-x86_64-fedora-clang, r-devel-linux-x86_64-fedora-gcc, r-patched-solaris-x86, r-release-osx-x86_64, r-oldrel-osx-x86_64

Version: 0.2.0
Check: package dependencies
Result: NOTE
    Package suggested but not available for checking: ‘d3r’
Flavor: r-oldrel-osx-x86_64