CRAN Package Check Results for Package d3Tree

Last updated on 2018-05-27 20:49:26 CEST.

Flavor Version Tinstall Tcheck Ttotal Status Flags
r-devel-linux-x86_64-debian-clang 0.2.0 1.98 30.40 32.38 OK
r-devel-linux-x86_64-debian-gcc 0.2.0 2.31 24.20 26.51 OK
r-devel-linux-x86_64-fedora-clang 0.2.0 39.20 NOTE
r-devel-linux-x86_64-fedora-gcc 0.2.0 37.41 NOTE
r-devel-windows-ix86+x86_64 0.2.0 6.00 52.00 58.00 OK
r-patched-linux-x86_64 0.2.0 2.44 27.30 29.74 OK
r-patched-solaris-x86 0.2.0 57.90 NOTE
r-release-linux-x86_64 0.2.0 1.39 27.16 28.55 OK
r-release-windows-ix86+x86_64 0.2.0 9.00 66.00 75.00 OK
r-release-osx-x86_64 0.2.0 NOTE
r-oldrel-windows-ix86+x86_64 0.2.0 8.00 39.00 47.00 OK
r-oldrel-osx-x86_64 0.2.0 NOTE

Check Details

Version: 0.2.0
Check: dependencies in R code
Result: NOTE
    Namespace in Imports field not imported from: ‘magrittr’
     All declared Imports should be used.
Flavors: r-devel-linux-x86_64-fedora-clang, r-devel-linux-x86_64-fedora-gcc, r-patched-solaris-x86, r-release-osx-x86_64, r-oldrel-osx-x86_64