CRAN Package Check Results for Package d3heatmap

Last updated on 2018-08-19 22:53:09 CEST.

Flavor Version Tinstall Tcheck Ttotal Status Flags
r-devel-linux-x86_64-debian-clang 0.6.1.2 1.96 35.57 37.53 OK
r-devel-linux-x86_64-debian-gcc 0.6.1.2 1.18 28.55 29.73 OK
r-devel-linux-x86_64-fedora-clang 0.6.1.2 43.64 OK
r-devel-linux-x86_64-fedora-gcc 0.6.1.2 43.08 OK
r-devel-windows-ix86+x86_64 0.6.1.2 7.00 65.00 72.00 OK
r-patched-linux-x86_64 0.6.1.2 1.84 31.31 33.15 OK
r-patched-solaris-x86 0.6.1.2 61.20 WARN
r-release-linux-x86_64 0.6.1.2 1.85 31.72 33.57 OK
r-release-windows-ix86+x86_64 0.6.1.2 7.00 63.00 70.00 OK
r-release-osx-x86_64 0.6.1.2 WARN
r-oldrel-windows-ix86+x86_64 0.6.1.2 5.00 76.00 81.00 OK
r-oldrel-osx-x86_64 0.6.1.2 WARN

Check Details

Version: 0.6.1.2
Check: re-building of vignette outputs
Result: WARN
    Error in re-building vignettes:
     ...
    Warning in engine$weave(file, quiet = quiet, encoding = enc) :
     Pandoc (>= 1.12.3) and/or pandoc-citeproc not available. Falling back to R Markdown v1.
    Quitting from lines 27-38 (Introduction.Rmd)
    Error: processing vignette 'Introduction.Rmd' failed with diagnostics:
    there is no package called 'webshot'
    Execution halted
Flavor: r-patched-solaris-x86

Version: 0.6.1.2
Check: re-building of vignette outputs
Result: WARN
    Error in re-building vignettes:
     ...
    Warning in engine$weave(file, quiet = quiet, encoding = enc) :
     Pandoc (>= 1.12.3) and/or pandoc-citeproc not available. Falling back to R Markdown v1.
    Quitting from lines 27-38 (Introduction.Rmd)
    Error: processing vignette 'Introduction.Rmd' failed with diagnostics:
    cannot open the connection
    Execution halted
Flavors: r-release-osx-x86_64, r-oldrel-osx-x86_64