CRAN Package Check Results for Package d3heatmap

Last updated on 2018-02-19 08:46:55 CET.

Flavor Version Tinstall Tcheck Ttotal Status Flags
r-devel-linux-x86_64-debian-clang 0.6.1.2 1.66 28.52 30.18 OK
r-devel-linux-x86_64-debian-gcc 0.6.1.2 1.02 24.65 25.67 OK
r-devel-linux-x86_64-fedora-clang 0.6.1.2 39.21 OK
r-devel-linux-x86_64-fedora-gcc 0.6.1.2 37.87 OK
r-devel-windows-ix86+x86_64 0.6.1.2 4.00 44.00 48.00 OK
r-patched-linux-x86_64 0.6.1.2 1.27 33.96 35.23 OK
r-patched-solaris-x86 0.6.1.2 52.60 WARN
r-release-linux-x86_64 0.6.1.2 1.52 33.51 35.03 OK
r-release-windows-ix86+x86_64 0.6.1.2 6.00 64.00 70.00 OK
r-release-osx-x86_64 0.6.1.2 WARN
r-oldrel-windows-ix86+x86_64 0.6.1.2 5.00 56.00 61.00 OK
r-oldrel-osx-x86_64 0.6.1.1 OK

Check Details

Version: 0.6.1.2
Check: re-building of vignette outputs
Result: WARN
    Error in re-building vignettes:
     ...
    Warning in engine$weave(file, quiet = quiet, encoding = enc) :
     Pandoc (>= 1.12.3) and/or pandoc-citeproc not available. Falling back to R Markdown v1.
    Quitting from lines 27-38 (Introduction.Rmd)
    Error: processing vignette 'Introduction.Rmd' failed with diagnostics:
    cannot open the connection
    Execution halted
Flavors: r-patched-solaris-x86, r-release-osx-x86_64