CRAN Package Check Results for Package d3heatmap

Last updated on 2018-05-26 07:49:57 CEST.

Flavor Version Tinstall Tcheck Ttotal Status Flags
r-devel-linux-x86_64-debian-clang 0.6.1.2 1.96 34.65 36.61 OK
r-devel-linux-x86_64-debian-gcc 0.6.1.2 1.58 27.19 28.77 OK
r-devel-linux-x86_64-fedora-clang 0.6.1.2 43.25 OK
r-devel-linux-x86_64-fedora-gcc 0.6.1.2 41.43 OK
r-devel-windows-ix86+x86_64 0.6.1.2 4.00 55.00 59.00 OK
r-patched-linux-x86_64 0.6.1.2 1.80 31.00 32.80 OK
r-patched-solaris-x86 0.6.1.2 57.90 WARN
r-release-linux-x86_64 0.6.1.2 1.76 30.45 32.21 OK
r-release-windows-ix86+x86_64 0.6.1.2 7.00 69.00 76.00 OK
r-release-osx-x86_64 0.6.1.2 WARN
r-oldrel-windows-ix86+x86_64 0.6.1.2 6.00 49.00 55.00 OK
r-oldrel-osx-x86_64 0.6.1.2 WARN

Check Details

Version: 0.6.1.2
Check: re-building of vignette outputs
Result: WARN
    Error in re-building vignettes:
     ...
    Warning in engine$weave(file, quiet = quiet, encoding = enc) :
     Pandoc (>= 1.12.3) and/or pandoc-citeproc not available. Falling back to R Markdown v1.
    Quitting from lines 27-38 (Introduction.Rmd)
    Error: processing vignette 'Introduction.Rmd' failed with diagnostics:
    there is no package called 'webshot'
    Execution halted
Flavor: r-patched-solaris-x86

Version: 0.6.1.2
Check: re-building of vignette outputs
Result: WARN
    Error in re-building vignettes:
     ...
    Warning in engine$weave(file, quiet = quiet, encoding = enc) :
     Pandoc (>= 1.12.3) and/or pandoc-citeproc not available. Falling back to R Markdown v1.
    Quitting from lines 27-38 (Introduction.Rmd)
    Error: processing vignette 'Introduction.Rmd' failed with diagnostics:
    cannot open the connection
    Execution halted
Flavors: r-release-osx-x86_64, r-oldrel-osx-x86_64