Last updated on 2023-11-29 20:49:35 CET.
Flavor | Version | Tinstall | Tcheck | Ttotal | Status | Flags |
---|---|---|---|---|---|---|
r-devel-linux-x86_64-debian-clang | 0.5.5 | 7.29 | 51.98 | 59.27 | OK | |
r-devel-linux-x86_64-debian-gcc | 0.5.5 | 5.33 | 38.86 | 44.19 | OK | |
r-devel-linux-x86_64-fedora-clang | 0.5.5 | 74.98 | NOTE | |||
r-devel-linux-x86_64-fedora-gcc | 0.5.5 | 80.94 | NOTE | |||
r-devel-windows-x86_64 | 0.5.5 | 9.00 | 63.00 | 72.00 | OK | |
r-patched-linux-x86_64 | 0.5.5 | 6.84 | 49.88 | 56.72 | OK | |
r-release-linux-x86_64 | 0.5.5 | 5.04 | 49.24 | 54.28 | OK | |
r-release-macos-arm64 | 0.5.5 | 31.00 | OK | |||
r-release-macos-x86_64 | 0.5.5 | 60.00 | OK | |||
r-release-windows-x86_64 | 0.5.5 | 11.00 | 67.00 | 78.00 | OK | |
r-oldrel-macos-arm64 | 0.5.5 | 28.00 | OK | |||
r-oldrel-macos-x86_64 | 0.5.5 | 39.00 | OK | |||
r-oldrel-windows-x86_64 | 0.5.5 | 10.00 | 67.00 | 77.00 | OK |
Version: 0.5.5
Check: data for non-ASCII characters
Result: NOTE
Note: found 469 marked UTF-8 strings
Flavors: r-devel-linux-x86_64-fedora-clang, r-devel-linux-x86_64-fedora-gcc