CRAN Package Check Results for Package d3r

Last updated on 2018-05-27 06:46:42 CEST.

Flavor Version Tinstall Tcheck Ttotal Status Flags
r-devel-linux-x86_64-debian-clang 0.8.1 1.62 25.20 26.82 WARN
r-devel-linux-x86_64-debian-gcc 0.8.1 1.21 19.85 21.06 WARN
r-devel-linux-x86_64-fedora-clang 0.8.1 29.67 OK
r-devel-linux-x86_64-fedora-gcc 0.8.1 28.63 OK
r-devel-windows-ix86+x86_64 0.8.1 4.00 41.00 45.00 OK
r-patched-linux-x86_64 0.8.1 0.96 21.94 22.90 OK
r-patched-solaris-x86 0.8.1 45.70 OK
r-release-linux-x86_64 0.8.1 1.67 21.90 23.57 OK
r-release-windows-ix86+x86_64 0.8.1 6.00 48.00 54.00 OK
r-release-osx-x86_64 0.8.1 OK
r-oldrel-windows-ix86+x86_64 0.8.1 4.00 32.00 36.00 OK
r-oldrel-osx-x86_64 0.8.0 OK

Check Details

Version: 0.8.1
Check: for unstated dependencies in ‘tests’
Result: WARN
    '::' or ':::' import not declared from: ‘httr’
Flavors: r-devel-linux-x86_64-debian-clang, r-devel-linux-x86_64-debian-gcc