CRAN Package Check Results for Package d3r

Last updated on 2018-02-19 02:47:23 CET.

Flavor Version Tinstall Tcheck Ttotal Status Flags
r-devel-linux-x86_64-debian-clang 0.7.1 1.16 20.09 21.25 OK
r-devel-linux-x86_64-debian-gcc 0.7.1 1.15 17.77 18.92 OK
r-devel-linux-x86_64-fedora-clang 0.7.1 27.95 OK
r-devel-linux-x86_64-fedora-gcc 0.7.1 26.84 OK
r-devel-windows-ix86+x86_64 0.7.1 3.00 34.00 37.00 OK
r-patched-linux-x86_64 0.7.1 1.03 22.59 23.62 OK
r-patched-solaris-x86 0.7.1 39.40 OK
r-release-linux-x86_64 0.7.1 1.06 22.66 23.72 OK
r-release-windows-ix86+x86_64 0.7.1 5.00 50.00 55.00 OK
r-release-osx-x86_64 0.7.1 OK
r-oldrel-windows-ix86+x86_64 0.7.1 4.00 42.00 46.00 OK
r-oldrel-osx-x86_64 0.7.1 ERROR

Check Details

Version: 0.7.1
Check: tests
Result: ERROR
    Running the tests in ‘tests/testthat.R’ failed.
    Last 13 lines of output:
     7: http_error(HEAD(x, ...))
     8: HEAD(x, ...)
     9: request_perform(req, hu$handle$handle)
     10: request_fetch(req$output, req$url, handle)
     11: request_fetch.write_memory(req$output, req$url, handle)
     12: curl::curl_fetch_memory(url, handle = handle)
    
     ══ testthat results ═══════════════════════════════════════════════════════════
     OK: 12 SKIPPED: 5 FAILED: 1
     1. Error: d3_dep-* src href is a valid url (@test_deps.R#23)
    
     Error: testthat unit tests failed
     Execution halted
Flavor: r-oldrel-osx-x86_64