Last updated on 2021-03-09 06:50:51 CET.
Flavor | Version | Tinstall | Tcheck | Ttotal | Status | Flags |
---|---|---|---|---|---|---|
r-devel-linux-x86_64-debian-clang | 0.9.1 | 2.97 | 32.15 | 35.12 | OK | |
r-devel-linux-x86_64-debian-gcc | 0.9.1 | 2.27 | 24.74 | 27.01 | OK | |
r-devel-linux-x86_64-fedora-clang | 0.9.1 | 52.18 | OK | |||
r-devel-linux-x86_64-fedora-gcc | 0.9.1 | 42.12 | OK | |||
r-devel-windows-ix86+x86_64 | 0.9.1 | 6.00 | 39.00 | 45.00 | OK | |
r-devel-windows-x86_64-gcc10-UCRT | 0.9.1 | NOTE | ||||
r-patched-linux-x86_64 | 0.9.1 | 2.60 | 31.43 | 34.03 | OK | |
r-patched-solaris-x86 | 0.9.1 | 67.10 | OK | |||
r-release-linux-x86_64 | 0.9.1 | 2.52 | 30.78 | 33.30 | OK | |
r-release-macos-x86_64 | 0.9.1 | OK | ||||
r-release-windows-ix86+x86_64 | 0.9.1 | 6.00 | 39.00 | 45.00 | OK | |
r-oldrel-macos-x86_64 | 0.9.1 | OK | ||||
r-oldrel-windows-ix86+x86_64 | 0.9.1 | 4.00 | 38.00 | 42.00 | OK |
Version: 0.9.1
Check: package dependencies
Result: NOTE
Package which this enhances but not available for checking: 'V8'
Flavor: r-devel-windows-x86_64-gcc10-UCRT