CRAN Package Check Results for Package dMod

Last updated on 2018-02-24 02:50:38 CET.

Flavor Version Tinstall Tcheck Ttotal Status Flags
r-devel-linux-x86_64-debian-clang 0.4 8.26 147.62 155.88 OK
r-devel-linux-x86_64-debian-gcc 0.4 7.72 114.24 121.96 OK
r-devel-linux-x86_64-fedora-clang 0.4 173.65 OK
r-devel-linux-x86_64-fedora-gcc 0.4 171.94 OK
r-devel-windows-ix86+x86_64 0.4 18.00 218.00 236.00 NOTE
r-patched-linux-x86_64 0.4 3.39 167.62 171.01 OK
r-patched-solaris-x86 0.4 157.70 WARN
r-release-linux-x86_64 0.4 2.99 174.71 177.70 OK
r-release-windows-ix86+x86_64 0.4 14.00 227.00 241.00 NOTE
r-release-osx-x86_64 0.4 OK
r-oldrel-windows-ix86+x86_64 0.4 8.00 161.00 169.00 NOTE
r-oldrel-osx-x86_64 0.4 OK

Check Details

Version: 0.4
Check: package dependencies
Result: NOTE
    Package suggested but not available for checking: 'rPython'
Flavors: r-devel-windows-ix86+x86_64, r-release-windows-ix86+x86_64, r-oldrel-windows-ix86+x86_64

Version: 0.4
Check: re-building of vignette outputs
Result: WARN
    Error in re-building vignettes:
     ...
    Warning in engine$weave(file, quiet = quiet, encoding = enc) :
     Pandoc (>= 1.12.3) and/or pandoc-citeproc not available. Falling back to R Markdown v1.
    Loading required package: cOde
    
    Attaching package: 'dMod'
    
    The following object is masked from 'package:stats':
    
     profile
    
    "jakstat.c", line 6: zero or negative subscript
    "jakstat.c", line 7: zero or negative subscript
    cc: acomp failed for jakstat.c
    make: Fatal error: Command failed for target `jakstat.o'
    Current working directory /home/ripley/R/packages/tests32/dMod.Rcheck/vign_test/dMod/vignettes
    Warning: running command '/home/ripley/R/cc/bin/R CMD SHLIB jakstat.c' had status 1 and error message 'Illegal seek'
    "jakstat_s.c", line 6: zero or negative subscript
    "jakstat_s.c", line 7: zero or negative subscript
    cc: acomp failed for jakstat_s.c
    make: Fatal error: Command failed for target `jakstat_s.o'
    Current working directory /home/ripley/R/packages/tests32/dMod.Rcheck/vign_test/dMod/vignettes
    Warning: running command '/home/ripley/R/cc/bin/R CMD SHLIB jakstat_s.c' had status 1 and error message 'Illegal seek'
    Quitting from lines 73-83 (dMod.Rmd)
    Error: processing vignette 'dMod.Rmd' failed with diagnostics:
    'initfunc' not loaded jakstat_s_initmod
    Execution halted
Flavor: r-patched-solaris-x86