CRAN Package Check Results for Package dMod

Last updated on 2018-11-20 13:46:20 CET.

Flavor Version Tinstall Tcheck Ttotal Status Flags
r-devel-linux-x86_64-debian-clang 0.4.2 8.42 159.64 168.06 OK
r-devel-linux-x86_64-debian-gcc 0.4.2 7.42 120.13 127.55 OK
r-devel-linux-x86_64-fedora-clang 0.4.2 192.98 OK
r-devel-linux-x86_64-fedora-gcc 0.4.2 183.43 OK
r-devel-windows-ix86+x86_64 0.4.2 28.00 251.00 279.00 NOTE
r-patched-linux-x86_64 0.4.2 9.07 154.06 163.13 OK
r-patched-solaris-x86 0.4.2 231.40 OK
r-release-linux-x86_64 0.4.2 10.22 153.31 163.53 OK
r-release-windows-ix86+x86_64 0.4.2 16.00 244.00 260.00 NOTE
r-release-osx-x86_64 0.4.2 OK
r-oldrel-windows-ix86+x86_64 0.4.2 10.00 202.00 212.00 NOTE
r-oldrel-osx-x86_64 0.4.2 OK

Check Details

Version: 0.4.2
Check: package dependencies
Result: NOTE
    Package suggested but not available for checking: 'rPython'
Flavors: r-devel-windows-ix86+x86_64, r-release-windows-ix86+x86_64, r-oldrel-windows-ix86+x86_64