CRAN Package Check Results for Package dMod

Last updated on 2018-08-21 20:46:24 CEST.

Flavor Version Tinstall Tcheck Ttotal Status Flags
r-devel-linux-x86_64-debian-clang 0.4.2 10.50 156.18 166.68 OK
r-devel-linux-x86_64-debian-gcc 0.4.2 8.42 121.48 129.90 OK
r-devel-linux-x86_64-fedora-clang 0.4.2 192.04 OK
r-devel-linux-x86_64-fedora-gcc 0.4.2 193.70 OK
r-devel-windows-ix86+x86_64 0.4.2 22.00 166.00 188.00 NOTE
r-patched-linux-x86_64 0.4.2 9.91 152.07 161.98 OK
r-patched-solaris-x86 0.4.2 231.10 OK
r-release-linux-x86_64 0.4.2 10.35 154.10 164.45 OK
r-release-windows-ix86+x86_64 0.4.2 25.00 166.00 191.00 NOTE
r-release-osx-x86_64 0.4.2 OK
r-oldrel-windows-ix86+x86_64 0.4.2 8.00 180.00 188.00 NOTE
r-oldrel-osx-x86_64 0.4.2 OK

Check Details

Version: 0.4.2
Check: package dependencies
Result: NOTE
    Package suggested but not available for checking: 'rPython'
Flavors: r-devel-windows-ix86+x86_64, r-release-windows-ix86+x86_64, r-oldrel-windows-ix86+x86_64