CRAN Package Check Results for Package dMod

Last updated on 2019-02-16 18:46:17 CET.

Flavor Version Tinstall Tcheck Ttotal Status Flags
r-devel-linux-x86_64-debian-clang 0.4.2 11.86 160.20 172.06 OK
r-devel-linux-x86_64-debian-gcc 0.4.2 9.44 120.74 130.18 OK
r-devel-linux-x86_64-fedora-clang 0.4.2 196.20 OK
r-devel-linux-x86_64-fedora-gcc 0.4.2 187.81 OK
r-devel-windows-ix86+x86_64 0.4.2 24.00 229.00 253.00 NOTE
r-patched-linux-x86_64 0.4.2 10.79 152.57 163.36 OK
r-patched-solaris-x86 0.4.2 234.70 OK
r-release-linux-x86_64 0.4.2 OK
r-release-windows-ix86+x86_64 0.4.2 15.00 164.00 179.00 NOTE
r-release-osx-x86_64 0.4.2 OK
r-oldrel-windows-ix86+x86_64 0.4.2 21.00 284.00 305.00 NOTE
r-oldrel-osx-x86_64 0.4.2 OK

Check Details

Version: 0.4.2
Check: package dependencies
Result: NOTE
    Package suggested but not available for checking: 'rPython'
Flavors: r-devel-windows-ix86+x86_64, r-release-windows-ix86+x86_64, r-oldrel-windows-ix86+x86_64