CRAN Package Check Results for Package dMod

Last updated on 2018-05-21 07:47:05 CEST.

Flavor Version Tinstall Tcheck Ttotal Status Flags
r-devel-linux-x86_64-debian-clang 0.4 8.34 124.89 133.23 OK
r-devel-linux-x86_64-debian-gcc 0.4 7.97 108.87 116.84 OK
r-devel-linux-x86_64-fedora-clang 0.4 181.88 OK
r-devel-linux-x86_64-fedora-gcc 0.4 177.12 OK
r-devel-windows-ix86+x86_64 0.4 13.00 154.00 167.00 NOTE
r-patched-linux-x86_64 0.4 8.75 145.25 154.00 OK
r-patched-solaris-x86 0.4 216.10 OK
r-release-linux-x86_64 0.4 7.61 143.65 151.26 OK
r-release-windows-ix86+x86_64 0.4 22.00 210.00 232.00 NOTE
r-release-osx-x86_64 0.4 OK
r-oldrel-windows-ix86+x86_64 0.4 9.00 173.00 182.00 NOTE
r-oldrel-osx-x86_64 0.4 OK

Check Details

Version: 0.4
Check: package dependencies
Result: NOTE
    Package suggested but not available for checking: 'rPython'
Flavors: r-devel-windows-ix86+x86_64, r-release-windows-ix86+x86_64, r-oldrel-windows-ix86+x86_64