CRAN Package Check Results for Package daff

Last updated on 2022-05-27 21:51:19 CEST.

Flavor Version Tinstall Tcheck Ttotal Status Flags
r-devel-linux-x86_64-debian-clang 0.3.5 3.13 48.88 52.01 NOTE
r-devel-linux-x86_64-debian-gcc 0.3.5 2.76 38.05 40.81 NOTE
r-devel-linux-x86_64-fedora-clang 0.3.5 63.13 NOTE
r-devel-linux-x86_64-fedora-gcc 0.3.5 62.83 NOTE
r-devel-windows-x86_64 0.3.5 18.00 63.00 81.00 NOTE
r-patched-linux-x86_64 0.3.5 3.07 47.95 51.02 NOTE
r-release-linux-x86_64 0.3.5 2.76 47.44 50.20 NOTE
r-release-macos-arm64 0.3.5 19.00 NOTE
r-release-macos-x86_64 0.3.5 27.00 NOTE
r-release-windows-x86_64 0.3.5 17.00 64.00 81.00 NOTE
r-oldrel-macos-arm64 0.3.5 21.00 NOTE
r-oldrel-macos-x86_64 0.3.5 40.00 NOTE
r-oldrel-windows-ix86+x86_64 0.3.5 11.00 76.00 87.00 NOTE

Check Details

Version: 0.3.5
Check: LazyData
Result: NOTE
     'LazyData' is specified without a 'data' directory
Flavors: r-devel-linux-x86_64-debian-clang, r-devel-linux-x86_64-debian-gcc, r-devel-linux-x86_64-fedora-clang, r-devel-linux-x86_64-fedora-gcc, r-devel-windows-x86_64, r-patched-linux-x86_64, r-release-linux-x86_64, r-release-macos-arm64, r-release-macos-x86_64, r-release-windows-x86_64, r-oldrel-macos-arm64, r-oldrel-macos-x86_64, r-oldrel-windows-ix86+x86_64