CRAN Package Check Results for Package dalmatian

Last updated on 2018-05-22 08:49:19 CEST.

Flavor Version Tinstall Tcheck Ttotal Status Flags
r-devel-linux-x86_64-debian-clang 0.3.0 2.88 59.28 62.16 OK
r-devel-linux-x86_64-debian-gcc 0.3.0 2.20 49.48 51.68 OK
r-devel-linux-x86_64-fedora-clang 0.3.0 79.47 OK
r-devel-linux-x86_64-fedora-gcc 0.3.0 77.03 OK
r-devel-windows-ix86+x86_64 0.3.0 6.00 74.00 80.00 OK
r-patched-linux-x86_64 0.3.0 2.56 62.77 65.33 OK
r-patched-solaris-x86 0.3.0 124.90 NOTE
r-release-linux-x86_64 0.3.0 2.64 64.50 67.14 OK
r-release-windows-ix86+x86_64 0.3.0 5.00 82.00 87.00 OK
r-release-osx-x86_64 0.3.0 OK
r-oldrel-windows-ix86+x86_64 0.3.0 7.00 119.00 126.00 OK
r-oldrel-osx-x86_64 0.3.0 OK

Check Details

Version: 0.3.0
Check: installed package size
Result: NOTE
     installed size is 5.2Mb
     sub-directories of 1Mb or more:
     Pied_Flycatchers_1 2.5Mb
     Pied_Flycatchers_2 1.3Mb
     doc 1.2Mb
Flavor: r-patched-solaris-x86