CRAN Package Check Results for Package dalmatian

Last updated on 2019-02-16 19:47:22 CET.

Flavor Version Tinstall Tcheck Ttotal Status Flags
r-devel-linux-x86_64-debian-clang 0.3.0 3.23 72.47 75.70 OK
r-devel-linux-x86_64-debian-gcc 0.3.0 2.27 56.15 58.42 OK
r-devel-linux-x86_64-fedora-clang 0.3.0 94.34 OK
r-devel-linux-x86_64-fedora-gcc 0.3.0 85.67 OK
r-devel-windows-ix86+x86_64 0.3.0 9.00 110.00 119.00 OK
r-patched-linux-x86_64 0.3.0 2.39 65.62 68.01 OK
r-patched-solaris-x86 0.3.0 129.20 NOTE
r-release-linux-x86_64 0.3.0 OK
r-release-windows-ix86+x86_64 0.3.0 4.00 79.00 83.00 OK
r-release-osx-x86_64 0.3.0 OK
r-oldrel-windows-ix86+x86_64 0.3.0 9.00 127.00 136.00 OK
r-oldrel-osx-x86_64 0.3.0 OK

Check Details

Version: 0.3.0
Check: installed package size
Result: NOTE
     installed size is 5.2Mb
     sub-directories of 1Mb or more:
     Pied_Flycatchers_1 2.5Mb
     Pied_Flycatchers_2 1.3Mb
     doc 1.2Mb
Flavor: r-patched-solaris-x86