CRAN Package Check Results for Package dalmatian

Last updated on 2018-11-20 13:46:19 CET.

Flavor Version Tinstall Tcheck Ttotal Status Flags
r-devel-linux-x86_64-debian-clang 0.3.0 2.47 69.88 72.35 OK
r-devel-linux-x86_64-debian-gcc 0.3.0 2.03 53.91 55.94 OK
r-devel-linux-x86_64-fedora-clang 0.3.0 83.48 OK
r-devel-linux-x86_64-fedora-gcc 0.3.0 79.85 OK
r-devel-windows-ix86+x86_64 0.3.0 7.00 108.00 115.00 OK
r-patched-linux-x86_64 0.3.0 2.21 66.50 68.71 OK
r-patched-solaris-x86 0.3.0 125.90 NOTE
r-release-linux-x86_64 0.3.0 1.55 66.21 67.76 OK
r-release-windows-ix86+x86_64 0.3.0 5.00 110.00 115.00 OK
r-release-osx-x86_64 0.3.0 OK
r-oldrel-windows-ix86+x86_64 0.3.0 5.00 108.00 113.00 OK
r-oldrel-osx-x86_64 0.3.0 OK

Check Details

Version: 0.3.0
Check: installed package size
Result: NOTE
     installed size is 5.2Mb
     sub-directories of 1Mb or more:
     Pied_Flycatchers_1 2.5Mb
     Pied_Flycatchers_2 1.3Mb
     doc 1.2Mb
Flavor: r-patched-solaris-x86