CRAN Package Check Results for Package dalmatian

Last updated on 2018-08-22 04:49:01 CEST.

Flavor Version Tinstall Tcheck Ttotal Status Flags
r-devel-linux-x86_64-debian-clang 0.3.0 2.05 68.04 70.09 OK
r-devel-linux-x86_64-debian-gcc 0.3.0 2.04 53.45 55.49 OK
r-devel-linux-x86_64-fedora-clang 0.3.0 83.91 OK
r-devel-linux-x86_64-fedora-gcc 0.3.0 80.69 OK
r-devel-windows-ix86+x86_64 0.3.0 5.00 77.00 82.00 OK
r-patched-linux-x86_64 0.3.0 2.50 66.25 68.75 OK
r-patched-solaris-x86 0.3.0 126.30 NOTE
r-release-linux-x86_64 0.3.0 2.74 65.49 68.23 OK
r-release-windows-ix86+x86_64 0.3.0 8.00 74.00 82.00 OK
r-release-osx-x86_64 0.3.0 OK
r-oldrel-windows-ix86+x86_64 0.3.0 4.00 132.00 136.00 OK
r-oldrel-osx-x86_64 0.3.0 OK

Check Details

Version: 0.3.0
Check: installed package size
Result: NOTE
     installed size is 5.2Mb
     sub-directories of 1Mb or more:
     Pied_Flycatchers_1 2.5Mb
     Pied_Flycatchers_2 1.3Mb
     doc 1.2Mb
Flavor: r-patched-solaris-x86