CRAN Package Check Results for Package dalmatian

Last updated on 2018-02-23 12:47:11 CET.

Flavor Version Tinstall Tcheck Ttotal Status Flags
r-devel-linux-x86_64-debian-clang 0.3.0 2.39 68.10 70.49 OK
r-devel-linux-x86_64-debian-gcc 0.3.0 1.96 51.38 53.34 OK
r-devel-linux-x86_64-fedora-clang 0.3.0 78.74 OK
r-devel-linux-x86_64-fedora-gcc 0.3.0 78.81 OK
r-devel-windows-ix86+x86_64 0.3.0 6.00 100.00 106.00 OK
r-patched-linux-x86_64 0.3.0 1.76 82.45 84.21 OK
r-patched-solaris-x86 0.3.0 122.90 NOTE
r-release-linux-x86_64 0.3.0 1.33 85.55 86.88 OK
r-release-windows-ix86+x86_64 0.3.0 6.00 116.00 122.00 OK
r-release-osx-x86_64 0.3.0 OK
r-oldrel-windows-ix86+x86_64 0.3.0 4.00 75.00 79.00 OK

Check Details

Version: 0.3.0
Check: installed package size
Result: NOTE
     installed size is 5.2Mb
     sub-directories of 1Mb or more:
     Pied_Flycatchers_1 2.5Mb
     Pied_Flycatchers_2 1.3Mb
     doc 1.2Mb
Flavor: r-patched-solaris-x86