CRAN Package Check Results for Package dartR

Last updated on 2018-05-21 15:46:34 CEST.

Flavor Version Tinstall Tcheck Ttotal Status Flags
r-devel-linux-x86_64-debian-clang 1.0.5 18.18 303.35 321.53 OK
r-devel-linux-x86_64-debian-gcc 1.0.5 16.71 266.59 283.30 OK
r-devel-linux-x86_64-fedora-clang 1.0.5 433.54 NOTE
r-devel-linux-x86_64-fedora-gcc 1.0.5 428.97 NOTE
r-devel-windows-ix86+x86_64 1.0.5 34.00 322.00 356.00 OK
r-patched-linux-x86_64 1.0.5 15.93 317.40 333.33 OK
r-release-linux-x86_64 1.0.5 16.87 311.08 327.95 OK
r-release-windows-ix86+x86_64 1.0.5 29.00 315.00 344.00 OK
r-release-osx-x86_64 1.0.5 NOTE
r-oldrel-windows-ix86+x86_64 1.0.5 38.00 429.00 467.00 OK
r-oldrel-osx-x86_64 1.0 NOTE

Check Details

Version: 1.0.5
Check: dependencies in R code
Result: NOTE
    Namespaces in Imports field not imported from:
     ‘DBI’ ‘Demerelate’ ‘misc3d’ ‘plotly’ ‘quadprog’ ‘rgl’
     All declared Imports should be used.
Flavors: r-devel-linux-x86_64-fedora-clang, r-devel-linux-x86_64-fedora-gcc, r-release-osx-x86_64

Version: 1.0.5
Check: examples
Result: FAIL
    
Flavor: r-release-osx-x86_64

Version: 1.0
Check: dependencies in R code
Result: NOTE
    Namespaces in Imports field not imported from:
     ‘DBI’ ‘Demerelate’ ‘misc3d’ ‘plotly’ ‘quadprog’ ‘rgl’
     All declared Imports should be used.
Flavor: r-oldrel-osx-x86_64