CRAN Package Check Results for Package dartR

Last updated on 2018-08-21 20:46:23 CEST.

Flavor Version Tinstall Tcheck Ttotal Status Flags
r-devel-linux-x86_64-debian-clang 1.0.5 20.27 344.28 364.55 OK
r-devel-linux-x86_64-debian-gcc 1.0.5 16.51 273.44 289.95 OK
r-devel-linux-x86_64-fedora-clang 1.0.5 420.58 NOTE
r-devel-linux-x86_64-fedora-gcc 1.0.5 436.75 NOTE
r-devel-windows-ix86+x86_64 1.0.5 47.00 333.00 380.00 OK
r-patched-linux-x86_64 1.0.5 15.47 309.59 325.06 OK
r-release-linux-x86_64 1.0.5 17.25 309.81 327.06 OK
r-release-windows-ix86+x86_64 1.0.5 46.00 405.00 451.00 OK
r-release-osx-x86_64 1.0.5 WARN
r-oldrel-windows-ix86+x86_64 1.0.5 29.00 457.00 486.00 OK
r-oldrel-osx-x86_64 1.0.5 WARN

Check Details

Version: 1.0.5
Check: dependencies in R code
Result: NOTE
    Namespaces in Imports field not imported from:
     ‘DBI’ ‘Demerelate’ ‘misc3d’ ‘plotly’ ‘quadprog’ ‘rgl’
     All declared Imports should be used.
Flavors: r-devel-linux-x86_64-fedora-clang, r-devel-linux-x86_64-fedora-gcc, r-release-osx-x86_64, r-oldrel-osx-x86_64

Version: 1.0.5
Check: whether package can be installed
Result: WARN
    Found the following significant warnings:
     Warning: 'rgl_init' failed, running with rgl.useNULL = TRUE
Flavors: r-release-osx-x86_64, r-oldrel-osx-x86_64