CRAN Package Check Results for Package dartR

Last updated on 2018-11-20 19:47:39 CET.

Flavor Version Tinstall Tcheck Ttotal Status Flags
r-devel-linux-x86_64-debian-clang 1.0.5 16.75 320.32 337.07 OK
r-devel-linux-x86_64-debian-gcc 1.0.5 15.62 254.89 270.51 OK
r-devel-linux-x86_64-fedora-clang 1.0.5 395.25 NOTE
r-devel-linux-x86_64-fedora-gcc 1.0.5 404.15 NOTE
r-devel-windows-ix86+x86_64 1.0.5 52.00 430.00 482.00 OK
r-patched-linux-x86_64 1.0.5 12.80 322.18 334.98 OK
r-release-linux-x86_64 1.0.5 18.24 316.96 335.20 OK
r-release-windows-ix86+x86_64 1.0.5 33.00 422.00 455.00 OK
r-release-osx-x86_64 1.0.5 WARN
r-oldrel-windows-ix86+x86_64 1.0.5 25.00 385.00 410.00 OK
r-oldrel-osx-x86_64 1.0.5 WARN

Check Details

Version: 1.0.5
Check: dependencies in R code
Result: NOTE
    Namespaces in Imports field not imported from:
     ‘DBI’ ‘Demerelate’ ‘misc3d’ ‘plotly’ ‘quadprog’ ‘rgl’
     All declared Imports should be used.
Flavors: r-devel-linux-x86_64-fedora-clang, r-devel-linux-x86_64-fedora-gcc, r-release-osx-x86_64, r-oldrel-osx-x86_64

Version: 1.0.5
Check: whether package can be installed
Result: WARN
    Found the following significant warnings:
     Warning: 'rgl_init' failed, running with rgl.useNULL = TRUE
Flavors: r-release-osx-x86_64, r-oldrel-osx-x86_64