CRAN Package Check Results for Package data.tree

Last updated on 2018-02-23 08:48:29 CET.

Flavor Version Tinstall Tcheck Ttotal Status Flags
r-devel-linux-x86_64-debian-clang 0.7.4 4.60 85.55 90.15 OK
r-devel-linux-x86_64-debian-gcc 0.7.4 4.93 74.02 78.95 OK
r-devel-linux-x86_64-fedora-clang 0.7.4 117.96 OK
r-devel-linux-x86_64-fedora-gcc 0.7.4 114.59 OK
r-devel-windows-ix86+x86_64 0.7.4 18.00 165.00 183.00 OK
r-patched-linux-x86_64 0.7.4 3.16 112.76 115.92 OK
r-patched-solaris-x86 0.7.4 175.10 WARN
r-release-linux-x86_64 0.7.4 3.83 108.00 111.83 OK
r-release-windows-ix86+x86_64 0.7.4 18.00 174.00 192.00 OK
r-release-osx-x86_64 0.7.4 WARN
r-oldrel-windows-ix86+x86_64 0.7.4 10.00 116.00 126.00 OK
r-oldrel-osx-x86_64 0.7.4 WARN

Check Details

Version: 0.7.4
Check: re-building of vignette outputs
Result: WARN
    Error in re-building vignettes:
     ...
    Warning in engine$weave(file, quiet = quiet, encoding = enc) :
     Pandoc (>= 1.12.3) and/or pandoc-citeproc not available. Falling back to R Markdown v1.
    Warning in engine$weave(file, quiet = quiet, encoding = enc) :
     Pandoc (>= 1.12.3) and/or pandoc-citeproc not available. Falling back to R Markdown v1.
    PhantomJS not found. You can install it with webshot::install_phantomjs(). If it is installed, please make sure the phantomjs executable can be found via the PATH variable.
    Warning in normalizePath(f2) :
     path[1]="./webshot50bd13ef7.png": No such file or directory
    Warning in file(con, "rb") :
     cannot open file './webshot50bd13ef7.png': No such file or directory
    Quitting from lines 512-515 (data.tree.Rmd)
    Error: processing vignette 'data.tree.Rmd' failed with diagnostics:
    cannot open the connection
    Execution halted
Flavor: r-patched-solaris-x86

Version: 0.7.4
Check: re-building of vignette outputs
Result: WARN
    Error in re-building vignettes:
     ...
    Warning in engine$weave(file, quiet = quiet, encoding = enc) :
     Pandoc (>= 1.12.3) and/or pandoc-citeproc not available. Falling back to R Markdown v1.
    Warning in engine$weave(file, quiet = quiet, encoding = enc) :
     Pandoc (>= 1.12.3) and/or pandoc-citeproc not available. Falling back to R Markdown v1.
    PhantomJS not found. You can install it with webshot::install_phantomjs(). If it is installed, please make sure the phantomjs executable can be found via the PATH variable.
    Warning in normalizePath(f2) :
     path[1]="./webshot14b9e2e015ee6.png": No such file or directory
    Warning in file(con, "rb") :
     cannot open file './webshot14b9e2e015ee6.png': No such file or directory
    Quitting from lines 512-515 (data.tree.Rmd)
    Error: processing vignette 'data.tree.Rmd' failed with diagnostics:
    cannot open the connection
    Execution halted
Flavor: r-release-osx-x86_64

Version: 0.7.4
Check: re-building of vignette outputs
Result: WARN
    Error in re-building vignettes:
     ...
    Warning in engine$weave(file, quiet = quiet, encoding = enc) :
     Pandoc (>= 1.12.3) and/or pandoc-citeproc not available. Falling back to R Markdown v1.
    Warning in engine$weave(file, quiet = quiet, encoding = enc) :
     Pandoc (>= 1.12.3) and/or pandoc-citeproc not available. Falling back to R Markdown v1.
    PhantomJS not found. You can install it with webshot::install_phantomjs(). If it is installed, please make sure the phantomjs executable can be found via the PATH variable.
    Warning in normalizePath(f2) :
     path[1]="./webshot9b12657d5480.png": No such file or directory
    Warning in file(con, "rb") :
     cannot open file './webshot9b12657d5480.png': No such file or directory
    Quitting from lines 512-515 (data.tree.Rmd)
    Error: processing vignette 'data.tree.Rmd' failed with diagnostics:
    cannot open the connection
    Execution halted
Flavor: r-oldrel-osx-x86_64