Last updated on 2022-08-13 07:11:32 CEST.
Flavor | Version | Tinstall | Tcheck | Ttotal | Status | Flags |
---|---|---|---|---|---|---|
r-devel-linux-x86_64-debian-clang | 0.1.6 | 6.70 | 52.19 | 58.89 | OK | |
r-devel-linux-x86_64-debian-gcc | 0.1.6 | 4.98 | 38.78 | 43.76 | OK | |
r-devel-linux-x86_64-fedora-clang | 0.1.6 | 80.46 | NOTE | |||
r-devel-linux-x86_64-fedora-gcc | 0.1.6 | 81.02 | NOTE | |||
r-devel-windows-x86_64 | 0.1.6 | 84.00 | 76.00 | 160.00 | OK | |
r-patched-linux-x86_64 | 0.1.6 | 5.70 | 48.77 | 54.47 | OK | |
r-release-linux-x86_64 | 0.1.6 | 6.10 | 48.72 | 54.82 | OK | |
r-release-macos-arm64 | 0.1.6 | 24.00 | NOTE | |||
r-release-macos-x86_64 | 0.1.6 | 43.00 | NOTE | |||
r-release-windows-x86_64 | 0.1.6 | 71.00 | 78.00 | 149.00 | OK | |
r-oldrel-macos-arm64 | 0.1.6 | 22.00 | NOTE | |||
r-oldrel-macos-x86_64 | 0.1.6 | 35.00 | NOTE | |||
r-oldrel-windows-ix86+x86_64 | 0.1.6 | 20.00 | 66.00 | 86.00 | OK |
Version: 0.1.6
Check: dependencies in R code
Result: NOTE
Namespaces in Imports field not imported from:
‘R6’ ‘rmarkdown’ ‘shiny’
All declared Imports should be used.
Flavors: r-devel-linux-x86_64-fedora-clang, r-devel-linux-x86_64-fedora-gcc, r-release-macos-arm64, r-release-macos-x86_64, r-oldrel-macos-arm64, r-oldrel-macos-x86_64
Version: 0.1.6
Check: Rd cross-references
Result: NOTE
Undeclared package ‘tidyselect’ in Rd xrefs
Flavor: r-devel-linux-x86_64-fedora-clang