CRAN Package Check Results for Package dataCompareR

Last updated on 2018-05-23 14:46:39 CEST.

Flavor Version Tinstall Tcheck Ttotal Status Flags
r-devel-linux-x86_64-debian-clang 0.1.1 2.78 53.88 56.66 OK
r-devel-linux-x86_64-debian-gcc 0.1.1 0.31 1.45 1.76 ERROR
r-devel-linux-x86_64-fedora-clang 0.1.1 67.92 OK
r-devel-linux-x86_64-fedora-gcc 0.1.1 65.79 OK
r-devel-windows-ix86+x86_64 0.1.1 8.00 107.00 115.00 OK
r-patched-linux-x86_64 0.1.1 3.37 50.92 54.29 OK
r-patched-solaris-x86 0.1.1 93.00 OK
r-release-linux-x86_64 0.1.1 2.83 50.74 53.57 OK
r-release-windows-ix86+x86_64 0.1.1 10.00 92.00 102.00 OK
r-release-osx-x86_64 0.1.1 OK
r-oldrel-windows-ix86+x86_64 0.1.1 11.00 93.00 104.00 OK
r-oldrel-osx-x86_64 0.1.1 OK

Check Details

Version: 0.1.1
Check: package dependencies
Result: ERROR
    Package required but not available: ‘dplyr’
    
    Package suggested but not available for checking: ‘tibble’
    
    See section ‘The DESCRIPTION file’ in the ‘Writing R Extensions’
    manual.
Flavor: r-devel-linux-x86_64-debian-gcc