CRAN Package Check Results for Package dataMaid

Last updated on 2018-02-19 21:49:27 CET.

Flavor Version Tinstall Tcheck Ttotal Status Flags
r-devel-linux-x86_64-debian-clang 1.1.0 5.09 51.19 56.28 OK
r-devel-linux-x86_64-debian-gcc 1.1.0 4.11 43.90 48.01 OK
r-devel-linux-x86_64-fedora-clang 1.1.0 73.02 OK
r-devel-linux-x86_64-fedora-gcc 1.1.0 71.09 OK
r-devel-windows-ix86+x86_64 1.1.0 9.00 70.00 79.00 OK
r-patched-linux-x86_64 1.1.0 3.87 64.56 68.43 OK
r-patched-solaris-x86 1.1.0 92.70 WARN
r-release-linux-x86_64 1.1.0 4.33 65.13 69.46 OK
r-release-windows-ix86+x86_64 1.1.0 13.00 108.00 121.00 OK
r-release-osx-x86_64 1.1.0 WARN
r-oldrel-windows-ix86+x86_64 1.1.0 16.00 89.00 105.00 OK
r-oldrel-osx-x86_64 1.0.0 WARN

Check Details

Version: 1.1.0
Check: re-building of vignette outputs
Result: WARN
    Error in re-building vignettes:
     ...
    Warning in engine$weave(file, quiet = quiet, encoding = enc) :
     Pandoc (>= 1.12.3) and/or pandoc-citeproc not available. Falling back to R Markdown v1.
    sh: whoami: not found
    sh: git: not found
    Error in fallback_or_stop(fallback, "Cannot determine full name") :
     Cannot determine full name
    Data report generation is finished. Please wait while your output file is being rendered.
    Quitting from lines 729-768 (extending_dataMaid.Rmd)
    Error: processing vignette 'extending_dataMaid.Rmd' failed with diagnostics:
    pandoc version 1.12.3 or higher is required and was not found (see the help page ?rmarkdown::pandoc_available).
    Execution halted
Flavor: r-patched-solaris-x86

Version: 1.1.0
Check: re-building of vignette outputs
Result: WARN
    Error in re-building vignettes:
     ...
    Warning in engine$weave(file, quiet = quiet, encoding = enc) :
     Pandoc (>= 1.12.3) and/or pandoc-citeproc not available. Falling back to R Markdown v1.
    Data report generation is finished. Please wait while your output file is being rendered.
    Quitting from lines 729-768 (extending_dataMaid.Rmd)
    Error: processing vignette 'extending_dataMaid.Rmd' failed with diagnostics:
    pandoc version 1.12.3 or higher is required and was not found (see the help page ?rmarkdown::pandoc_available).
    Execution halted
Flavor: r-release-osx-x86_64

Version: 1.0.0
Check: re-building of vignette outputs
Result: WARN
    Error in re-building vignettes:
     ...
    Warning in engine$weave(file, quiet = quiet, encoding = enc) :
     Pandoc (>= 1.12.3) and/or pandoc-citeproc not available. Falling back to R Markdown v1.
    Data report generation is finished. Please wait while your output file is being rendered.
    Quitting from lines 727-766 (extending_dataMaid.Rmd)
    Error: processing vignette 'extending_dataMaid.Rmd' failed with diagnostics:
    pandoc version 1.12.3 or higher is required and was not found (see the help page ?rmarkdown::pandoc_available).
    Execution halted
Flavor: r-oldrel-osx-x86_64