CRAN Package Check Results for Package dataMaid

Last updated on 2018-05-20 20:47:43 CEST.

Flavor Version Tinstall Tcheck Ttotal Status Flags
r-devel-linux-x86_64-debian-clang 1.1.2 3.96 59.38 63.34 OK
r-devel-linux-x86_64-debian-gcc 1.1.2 4.63 45.61 50.24 OK
r-devel-linux-x86_64-fedora-clang 1.1.2 77.77 OK
r-devel-linux-x86_64-fedora-gcc 1.1.2 72.94 OK
r-devel-windows-ix86+x86_64 1.1.2 10.00 70.00 80.00 OK
r-patched-linux-x86_64 1.1.2 5.21 55.86 61.07 OK
r-patched-solaris-x86 1.1.2 97.30 WARN
r-release-linux-x86_64 1.1.2 4.88 56.57 61.45 OK
r-release-windows-ix86+x86_64 1.1.2 9.00 74.00 83.00 OK
r-release-osx-x86_64 1.1.2 WARN
r-oldrel-windows-ix86+x86_64 1.1.2 8.00 79.00 87.00 OK
r-oldrel-osx-x86_64 1.1.0 WARN

Check Details

Version: 1.1.2
Check: re-building of vignette outputs
Result: WARN
    Error in re-building vignettes:
     ...
    Warning in engine$weave(file, quiet = quiet, encoding = enc) :
     Pandoc (>= 1.12.3) and/or pandoc-citeproc not available. Falling back to R Markdown v1.
    sh: whoami: not found
    sh: git: not found
    Data report generation is finished. Please wait while your output file is being rendered.
    Quitting from lines 729-768 (extending_dataMaid.Rmd)
    Error: processing vignette 'extending_dataMaid.Rmd' failed with diagnostics:
    pandoc version 1.12.3 or higher is required and was not found (see the help page ?rmarkdown::pandoc_available).
    Execution halted
Flavor: r-patched-solaris-x86

Version: 1.1.2
Check: re-building of vignette outputs
Result: WARN
    Error in re-building vignettes:
     ...
    Warning in engine$weave(file, quiet = quiet, encoding = enc) :
     Pandoc (>= 1.12.3) and/or pandoc-citeproc not available. Falling back to R Markdown v1.
    Data report generation is finished. Please wait while your output file is being rendered.
    Quitting from lines 729-768 (extending_dataMaid.Rmd)
    Error: processing vignette 'extending_dataMaid.Rmd' failed with diagnostics:
    pandoc version 1.12.3 or higher is required and was not found (see the help page ?rmarkdown::pandoc_available).
    Execution halted
Flavor: r-release-osx-x86_64

Version: 1.1.0
Check: re-building of vignette outputs
Result: WARN
    Error in re-building vignettes:
     ...
    Warning in engine$weave(file, quiet = quiet, encoding = enc) :
     Pandoc (>= 1.12.3) and/or pandoc-citeproc not available. Falling back to R Markdown v1.
    Data report generation is finished. Please wait while your output file is being rendered.
    Quitting from lines 729-768 (extending_dataMaid.Rmd)
    Error: processing vignette 'extending_dataMaid.Rmd' failed with diagnostics:
    pandoc version 1.12.3 or higher is required and was not found (see the help page ?rmarkdown::pandoc_available).
    Execution halted
Flavor: r-oldrel-osx-x86_64