CRAN Package Check Results for Package dataMaid

Last updated on 2018-08-20 01:46:19 CEST.

Flavor Version Tinstall Tcheck Ttotal Status Flags
r-devel-linux-x86_64-debian-clang 1.1.2 6.08 66.47 72.55 OK
r-devel-linux-x86_64-debian-gcc 1.1.2 4.46 52.51 56.97 OK
r-devel-linux-x86_64-fedora-clang 1.1.2 85.01 OK
r-devel-linux-x86_64-fedora-gcc 1.1.2 81.16 OK
r-devel-windows-ix86+x86_64 1.1.2 20.00 119.00 139.00 OK
r-patched-linux-x86_64 1.1.2 5.97 59.70 65.67 OK
r-patched-solaris-x86 1.1.2 104.50 WARN
r-release-linux-x86_64 1.1.2 4.01 59.36 63.37 OK
r-release-windows-ix86+x86_64 1.1.2 17.00 128.00 145.00 OK
r-release-osx-x86_64 1.1.2 WARN
r-oldrel-windows-ix86+x86_64 1.1.2 12.00 130.00 142.00 OK
r-oldrel-osx-x86_64 1.1.2 WARN

Check Details

Version: 1.1.2
Check: re-building of vignette outputs
Result: WARN
    Error in re-building vignettes:
     ...
    Warning in engine$weave(file, quiet = quiet, encoding = enc) :
     Pandoc (>= 1.12.3) and/or pandoc-citeproc not available. Falling back to R Markdown v1.
    sh: whoami: not found
    sh: git: not found
    Data report generation is finished. Please wait while your output file is being rendered.
    Quitting from lines 729-768 (extending_dataMaid.Rmd)
    Error: processing vignette 'extending_dataMaid.Rmd' failed with diagnostics:
    pandoc version 1.12.3 or higher is required and was not found (see the help page ?rmarkdown::pandoc_available).
    Execution halted
Flavor: r-patched-solaris-x86

Version: 1.1.2
Check: re-building of vignette outputs
Result: WARN
    Error in re-building vignettes:
     ...
    Warning in engine$weave(file, quiet = quiet, encoding = enc) :
     Pandoc (>= 1.12.3) and/or pandoc-citeproc not available. Falling back to R Markdown v1.
    Data report generation is finished. Please wait while your output file is being rendered.
    Quitting from lines 729-768 (extending_dataMaid.Rmd)
    Error: processing vignette 'extending_dataMaid.Rmd' failed with diagnostics:
    pandoc version 1.12.3 or higher is required and was not found (see the help page ?rmarkdown::pandoc_available).
    Execution halted
Flavors: r-release-osx-x86_64, r-oldrel-osx-x86_64