CRAN Package Check Results for Package dataMeta

Last updated on 2018-08-17 19:49:06 CEST.

Flavor Version Tinstall Tcheck Ttotal Status Flags
r-devel-linux-x86_64-debian-clang 0.1.1 1.16 23.28 24.44 OK
r-devel-linux-x86_64-debian-gcc 0.1.1 0.96 18.61 19.57 OK
r-devel-linux-x86_64-fedora-clang 0.1.1 29.48 OK
r-devel-linux-x86_64-fedora-gcc 0.1.1 27.26 OK
r-devel-windows-ix86+x86_64 0.1.1 4.00 51.00 55.00 OK
r-patched-linux-x86_64 0.1.1 1.14 20.96 22.10 NOTE
r-patched-solaris-x86 0.1.1 42.60 OK
r-release-linux-x86_64 0.1.1 1.10 21.23 22.33 NOTE
r-release-windows-ix86+x86_64 0.1.1 5.00 44.00 49.00 OK
r-release-osx-x86_64 0.1.1 OK
r-oldrel-windows-ix86+x86_64 0.1.1 3.00 33.00 36.00 OK
r-oldrel-osx-x86_64 0.1.1 OK

Check Details

Version: 0.1.1
Check: DESCRIPTION meta-information
Result: NOTE
    Dependence on R version ‘3.3.2’ not with patchlevel 0
Flavors: r-patched-linux-x86_64, r-release-linux-x86_64