CRAN Package Check Results for Package dataMeta

Last updated on 2018-02-19 02:47:23 CET.

Flavor Version Tinstall Tcheck Ttotal Status Flags
r-devel-linux-x86_64-debian-clang 0.1.1 1.04 19.06 20.10 NOTE
r-devel-linux-x86_64-debian-gcc 0.1.1 0.85 16.57 17.42 NOTE
r-devel-linux-x86_64-fedora-clang 0.1.1 25.77 NOTE
r-devel-linux-x86_64-fedora-gcc 0.1.1 24.51 NOTE
r-devel-windows-ix86+x86_64 0.1.1 2.00 33.00 35.00 OK
r-patched-linux-x86_64 0.1.1 0.77 21.96 22.73 OK
r-patched-solaris-x86 0.1.1 36.70 OK
r-release-linux-x86_64 0.1.1 0.92 22.30 23.22 OK
r-release-windows-ix86+x86_64 0.1.1 4.00 46.00 50.00 OK
r-release-osx-x86_64 0.1.1 OK
r-oldrel-windows-ix86+x86_64 0.1.1 3.00 38.00 41.00 OK
r-oldrel-osx-x86_64 0.1.1 OK

Check Details

Version: 0.1.1
Check: DESCRIPTION meta-information
Result: NOTE
    Dependence on R version ‘3.3.2’ not with patchlevel 0
Flavors: r-devel-linux-x86_64-debian-clang, r-devel-linux-x86_64-debian-gcc, r-devel-linux-x86_64-fedora-clang, r-devel-linux-x86_64-fedora-gcc