CRAN Package Check Results for Package dataMeta

Last updated on 2018-05-28 04:49:14 CEST.

Flavor Version Tinstall Tcheck Ttotal Status Flags
r-devel-linux-x86_64-debian-clang 0.1.1 0.85 19.66 20.51 OK
r-devel-linux-x86_64-debian-gcc 0.1.1 0.87 17.72 18.59 OK
r-devel-linux-x86_64-fedora-clang 0.1.1 28.06 OK
r-devel-linux-x86_64-fedora-gcc 0.1.1 26.47 OK
r-devel-windows-ix86+x86_64 0.1.1 3.00 44.00 47.00 OK
r-patched-linux-x86_64 0.1.1 1.09 21.09 22.18 NOTE
r-patched-solaris-x86 0.1.1 41.40 OK
r-release-linux-x86_64 0.1.1 0.74 20.58 21.32 NOTE
r-release-windows-ix86+x86_64 0.1.1 3.00 46.00 49.00 OK
r-release-osx-x86_64 0.1.1 OK
r-oldrel-windows-ix86+x86_64 0.1.1 4.00 34.00 38.00 OK
r-oldrel-osx-x86_64 0.1.1 OK

Check Details

Version: 0.1.1
Check: DESCRIPTION meta-information
Result: NOTE
    Dependence on R version ‘3.3.2’ not with patchlevel 0
Flavors: r-patched-linux-x86_64, r-release-linux-x86_64