CRAN Package Check Results for Package dataMeta

Last updated on 2019-01-24 06:47:04 CET.

Flavor Version Tinstall Tcheck Ttotal Status Flags
r-devel-linux-x86_64-debian-clang 0.1.1 1.15 22.40 23.55 OK
r-devel-linux-x86_64-debian-gcc 0.1.1 0.69 18.08 18.77 OK
r-devel-linux-x86_64-fedora-clang 0.1.1 29.12 OK
r-devel-linux-x86_64-fedora-gcc 0.1.1 27.14 OK
r-devel-windows-ix86+x86_64 0.1.1 6.00 47.00 53.00 OK
r-patched-linux-x86_64 0.1.1 1.06 21.33 22.39 NOTE
r-patched-solaris-x86 0.1.1 43.40 OK
r-release-linux-x86_64 0.1.1 1.02 21.29 22.31 NOTE
r-release-windows-ix86+x86_64 0.1.1 3.00 54.00 57.00 OK
r-release-osx-x86_64 0.1.1 OK
r-oldrel-windows-ix86+x86_64 0.1.1 3.00 39.00 42.00 OK
r-oldrel-osx-x86_64 0.1.1 OK

Check Details

Version: 0.1.1
Check: DESCRIPTION meta-information
Result: NOTE
    Dependence on R version ‘3.3.2’ not with patchlevel 0
Flavors: r-patched-linux-x86_64, r-release-linux-x86_64