CRAN Package Check Results for Package dataMeta

Last updated on 2018-10-19 08:48:49 CEST.

Flavor Version Tinstall Tcheck Ttotal Status Flags
r-devel-linux-x86_64-debian-clang 0.1.1 1.13 23.59 24.72 OK
r-devel-linux-x86_64-debian-gcc 0.1.1 0.95 19.07 20.02 OK
r-devel-linux-x86_64-fedora-clang 0.1.1 30.36 OK
r-devel-linux-x86_64-fedora-gcc 0.1.1 28.21 OK
r-devel-windows-ix86+x86_64 0.1.1 5.00 47.00 52.00 OK
r-patched-linux-x86_64 0.1.1 1.06 21.05 22.11 NOTE
r-patched-solaris-x86 0.1.1 41.70 OK
r-release-linux-x86_64 0.1.1 1.12 21.10 22.22 NOTE
r-release-windows-ix86+x86_64 0.1.1 3.00 49.00 52.00 OK
r-release-osx-x86_64 0.1.1 OK
r-oldrel-windows-ix86+x86_64 0.1.1 3.00 44.00 47.00 OK
r-oldrel-osx-x86_64 0.1.1 OK

Check Details

Version: 0.1.1
Check: DESCRIPTION meta-information
Result: NOTE
    Dependence on R version ‘3.3.2’ not with patchlevel 0
Flavors: r-patched-linux-x86_64, r-release-linux-x86_64