Last updated on 2023-12-05 02:55:12 CET.
Flavor | Version | Tinstall | Tcheck | Ttotal | Status | Flags |
---|---|---|---|---|---|---|
r-devel-linux-x86_64-debian-clang | 1.1.1 | 14.27 | 136.86 | 151.13 | NOTE | |
r-devel-linux-x86_64-debian-gcc | 1.1.1 | 11.48 | 102.66 | 114.14 | NOTE | |
r-devel-linux-x86_64-fedora-clang | 1.1.1 | 185.95 | OK | |||
r-devel-linux-x86_64-fedora-gcc | 1.1.1 | 169.11 | OK | |||
r-devel-windows-x86_64 | 1.1.1 | 13.00 | 127.00 | 140.00 | OK | |
r-patched-linux-x86_64 | 1.1.1 | 18.58 | 130.47 | 149.05 | OK | |
r-release-linux-x86_64 | 1.1.1 | 14.30 | 128.13 | 142.43 | OK | |
r-release-macos-arm64 | 1.1.1 | 50.00 | OK | |||
r-release-macos-x86_64 | 1.1.1 | 134.00 | OK | |||
r-release-windows-x86_64 | 1.1.1 | 16.00 | 147.00 | 163.00 | OK | |
r-oldrel-macos-arm64 | 1.1.1 | 49.00 | OK | |||
r-oldrel-macos-x86_64 | 1.1.1 | 77.00 | OK | |||
r-oldrel-windows-x86_64 | 1.1.1 | 16.00 | 144.00 | 160.00 | OK |
Version: 1.1.1
Check: Rd files
Result: NOTE
checkRd: (-1) build_date_factor.Rd:15: Lost braces; missing escapes or markup?
15 | Map a vector of dates to a factor at one of these levels {"yearmonth", "yearquarter", "quarter", "month"}
| ^
checkRd: (-1) build_date_factor.Rd:12: Lost braces; missing escapes or markup?
12 | \item{type}{One of {"year", "yearquarter", "yearmonth", "quarter", "month"}}
| ^
Flavors: r-devel-linux-x86_64-debian-clang, r-devel-linux-x86_64-debian-gcc