CRAN Package Check Results for Package dataPreparation

Last updated on 2018-02-18 21:49:04 CET.

Flavor Version Tinstall Tcheck Ttotal Status Flags
r-devel-linux-x86_64-debian-clang 0.3.4 6.79 164.70 171.49 OK
r-devel-linux-x86_64-debian-gcc 0.3.5 7.10 109.51 116.61 OK
r-devel-linux-x86_64-fedora-clang 0.3.5 182.76 OK
r-devel-linux-x86_64-fedora-gcc 0.3.5 169.30 OK
r-devel-windows-ix86+x86_64 0.3.5 2.00 4.00 6.00 ERROR
r-patched-linux-x86_64 0.3.4 5.64 164.19 169.83 OK
r-patched-solaris-x86 0.3.5 237.80 OK
r-release-linux-x86_64 0.3.5 5.93 151.22 157.15 OK
r-release-windows-ix86+x86_64 0.3.5 10.00 150.00 160.00 OK
r-release-osx-x86_64 0.3.5 OK
r-oldrel-windows-ix86+x86_64 0.3.5 11.00 143.00 154.00 OK
r-oldrel-osx-x86_64 0.3.4 OK

Check Details

Version: 0.3.5
Check: whether package can be installed
Result: ERROR
    Installation failed.
Flavor: r-devel-windows-ix86+x86_64